{"id":10586,"date":"2024-09-24T17:01:36","date_gmt":"2024-09-24T17:01:36","guid":{"rendered":"https:\/\/hekalsoluciones.com\/hekalsoluciones\/?post_type=product&#038;p=10586"},"modified":"2024-09-24T17:21:59","modified_gmt":"2024-09-24T17:21:59","slug":"combo-teclado-dell-inalambrico-km3322w-2","status":"publish","type":"product","link":"https:\/\/hekalsoluciones.com\/hekalsoluciones\/producto\/combo-teclado-dell-inalambrico-km3322w-2\/","title":{"rendered":"Combo Teclado Dell inalambrico KM3322W"},"content":{"rendered":"<section id=\"overview_section\" class=\"overview_wrapper tab main-canvas\" role=\"tabpanel\">\n<section id=\"cwp_features_section\">\n<div class=\"pd-features\">\n<div class=\"ccs-cc-inline-section ccs-cc-inline-features\" data-elementid=\"inline-content-features[dell]\" data-context=\"{&quot;mobile&quot;:false}\" data-ccs-cc-inline-jumplink=\"Funciones\" data-display-mode=\"noheader\">\n<div class=\"ccs-cc-inline-features-block ccs-cc-inline-single-feature\">\n<div class=\"ccs-cc-inline-feature\" data-type=\"text media\" data-pos=\"right\">\n<div class=\"ccs-cc-inline-feature-content ccs-cc-inline-feature-description\">\n<h3>Sigue andando. M\u00e1s y m\u00e1s.<\/h3>\n<p>Esta combinaci\u00f3n de teclado y mouse ofrece una de las mejores duraciones de la bater\u00eda de la industria, 36 meses para el teclado y unos impresionantes 18 meses para el mouse. Las rigurosas pruebas garantizan que funcione sin inconvenientes con su sistema Dell, por lo que la configuraci\u00f3n es muy sencilla.<br data-cnet-ccs-icb-annotation=\"true\" \/><br data-cnet-ccs-icb-annotation=\"true\" \/>Funciona a toda marcha y no se ralentiza.<\/p>\n<\/div>\n<\/div>\n<\/div>\n<div class=\"ccs-cc-inline-features-block ccs-cc-inline-single-feature\">\n<div class=\"ccs-cc-inline-feature\" data-type=\"text media\" data-pos=\"left\">\n<div class=\"ccs-cc-inline-feature-content ccs-cc-inline-thumbnail\"><a class=\"ccs-cc-inline-thumbnail-image ccs-cc-inline-thumbnail-media ccs-cc-inline-clickable\" title=\"Mouse y teclado inal\u00e1mbricos Dell KM3322W Mostrar tama\u00f1o m\u00e1s grande\" href=\"https:\/\/cdn.cs.1worldsync.com\/syndication\/mediaserverredirect\/9f94152cd4a864e07ac1d08218776fd0\/original.jpg\" data-media-type=\"image\" data-caption=\"Mouse y teclado inal\u00e1mbricos Dell KM3322W\"><img src=\"https:\/\/cdn.cs.1worldsync.com\/syndication\/mediaserverredirect\/9f94152cd4a864e07ac1d08218776fd0\/original.jpg\" alt=\"Mouse y teclado inal\u00e1mbricos Dell KM3322W\" data-large=\"\" data-alt-text=\"Please wait while content is loading...\" aria-label=\"Mouse y teclado inal\u00e1mbricos Dell KM3322W\" \/><\/a><\/div>\n<div class=\"ccs-cc-inline-feature-content ccs-cc-inline-feature-description\">\n<h3>El dise\u00f1o cuidadosamente pensado es clave<\/h3>\n<p>Las tareas son m\u00e1s f\u00e1ciles y m\u00e1s agradables cuando tiene las herramientas correctas. Desde la resistencia a derrames hasta las teclas resistentes al descoloramiento hasta las patas inclinadas para posiciones de escritura ajustables, pensamos en cada parte del dise\u00f1o.<\/p>\n<\/div>\n<\/div>\n<\/div>\n<div class=\"ccs-cc-inline-features-block ccs-cc-inline-single-feature\">\n<div class=\"ccs-cc-inline-feature\" data-type=\"media\">\n<div class=\"ccs-cc-inline-feature-content ccs-cc-inline-thumbnail\"><a class=\"ccs-cc-inline-thumbnail-image ccs-cc-inline-thumbnail-media ccs-cc-inline-clickable\" title=\"Mouse y teclado inal\u00e1mbricos Dell KM3322W Mostrar tama\u00f1o m\u00e1s grande\" href=\"https:\/\/cdn.cs.1worldsync.com\/syndication\/mediaserverredirect\/995ae40f5f57a64d59ea7a8ec5fca11a\/original.jpg\" data-media-type=\"image\" data-caption=\"Mouse y teclado inal\u00e1mbricos Dell KM3322W\"><img src=\"https:\/\/cdn.cs.1worldsync.com\/syndication\/mediaserverredirect\/995ae40f5f57a64d59ea7a8ec5fca11a\/original.jpg\" alt=\"Mouse y teclado inal\u00e1mbricos Dell KM3322W\" data-large=\"\" data-alt-text=\"Please wait while content is loading...\" aria-label=\"Mouse y teclado inal\u00e1mbricos Dell KM3322W\" \/><\/a><\/div>\n<\/div>\n<\/div>\n<div class=\"ccs-cc-inline-features-block ccs-cc-inline-single-feature\">\n<div class=\"ccs-cc-inline-feature\" data-type=\"text\">\n<div class=\"ccs-cc-inline-feature-content ccs-cc-inline-feature-description\">\n<h3>Caracter\u00edsticas de los productos<\/h3>\n<p>1. Teclas funcionales 2. Teclas de control de volumen 3. Indicador de duraci\u00f3n de la bater\u00eda 4. Rueda de desplazamiento en la que se puede hacer clic 5. Teclado num\u00e9rico<\/p>\n<\/div>\n<\/div>\n<\/div>\n<div class=\"ccs-cc-inline-features-block ccs-cc-inline-single-feature\">\n<div class=\"ccs-cc-inline-feature\" data-type=\"media\">\n<div class=\"ccs-cc-inline-feature-content ccs-cc-inline-thumbnail\"><a class=\"ccs-cc-inline-thumbnail-image ccs-cc-inline-thumbnail-media ccs-cc-inline-clickable\" title=\"Mouse y teclado inal\u00e1mbricos Dell KM3322W Mostrar tama\u00f1o m\u00e1s grande\" href=\"https:\/\/cdn.cs.1worldsync.com\/syndication\/mediaserverredirect\/76bcd15a8a8c7954209d9748aa5982d4\/original.jpg\" data-media-type=\"image\" data-caption=\"Mouse y teclado inal\u00e1mbricos Dell KM3322W\"><img src=\"https:\/\/cdn.cs.1worldsync.com\/syndication\/mediaserverredirect\/76bcd15a8a8c7954209d9748aa5982d4\/original.jpg\" alt=\"Mouse y teclado inal\u00e1mbricos Dell KM3322W\" data-large=\"\" data-alt-text=\"Please wait while content is loading...\" aria-label=\"Mouse y teclado inal\u00e1mbricos Dell KM3322W\" \/><\/a><\/div>\n<\/div>\n<\/div>\n<div class=\"ccs-cc-inline-features-block ccs-cc-inline-single-feature\">\n<div class=\"ccs-cc-inline-feature\" data-type=\"text\">\n<div class=\"ccs-cc-inline-feature-content ccs-cc-inline-feature-description\">\n<h3>Dimensiones y peso<\/h3>\n<p><b data-cnet-ccs-icb-annotation=\"true\">Teclado:<br data-cnet-ccs-icb-annotation=\"true\" \/><\/b>1. Altura: 25,30 mm (1,01&#8243;)<br data-cnet-ccs-icb-annotation=\"true\" \/>2. Longitud: 444,92 mm (17,60\u201d)<br data-cnet-ccs-icb-annotation=\"true\" \/>3. Ancho: 141,22 mm (5,56\u201d) | Peso inicial: 497,12 g (1,10 lb)<br data-cnet-ccs-icb-annotation=\"true\" \/><br data-cnet-ccs-icb-annotation=\"true\" \/><b data-cnet-ccs-icb-annotation=\"true\">Mouse:<br data-cnet-ccs-icb-annotation=\"true\" \/><\/b>1. Altura: 38,87 mm (1,53&#8243;)<br data-cnet-ccs-icb-annotation=\"true\" \/>2. Longitud: 104,90 mm (4,13\u201d)<br data-cnet-ccs-icb-annotation=\"true\" \/>3. Ancho: 58,32 mm (2,30\u201d) | Peso inicial: 57,80 g (0,13 lb)<\/p>\n<\/div>\n<\/div>\n<\/div>\n<\/div>\n<div id=\"assets-11ae54\" class=\"ccs-cc-inline-section ccs-cc-inline-assets\" data-elementid=\"inline-content-documents[dell]\" data-context=\"{&quot;mobile&quot;:false}\" data-ccs-cc-inline-jumplink=\"Documentos\" data-display-mode=\"collapsed\">\n<h2 class=\"ccs-cc-inline-section-title\" data-ccs-jumplink-container=\"true\"><\/h2>\n<\/div>\n<\/div>\n<\/section>\n<\/section>\n","protected":false},"excerpt":{"rendered":"<section id=\"page-title\">\n<div class=\"pg-title\">\n<h1>Mouse y teclado inal\u00e1mbricos Dell KM3322W<\/h1>\n<\/div>\n<\/section>\n<div id=\"long-description\">\n<div id=\"hero-long-desc\">Mejore su productividad diaria con esta confiable combinaci\u00f3n de teclado y mouse inal\u00e1mbricos que est\u00e1n dise\u00f1ados para durar.<\/div>\n<\/div>\n<div><\/div>\n<div>\n<section id=\"page-title\">\n<div class=\"pg-title\"><\/div>\n<\/section>\n<div id=\"heroImage\">\n<div>\n<div class=\"pc_carousel-container no-multi-image\">\n<div class=\"carousel my-carousel carousel--translate\">\n<div class=\"carousel__track\">\n<p><img class=\"aligncenter\" src=\"https:\/\/snpi.dell.com\/snp\/images2\/300\/MX-es~580-AKCU_V2\/580-AKCU_V2.jpg\" alt=\"Mouse y teclado inal\u00e1mbricos Dell KM3322W\" data-testid=\"sharedPolarisHeroPdImage\" \/><\/p>\n<\/div>\n<\/div>\n<\/div>\n<\/div>\n<\/div>\n<div id=\"hero-content\">\n<div id=\"premier-product-stack\"><\/div>\n<\/div>\n<\/div>\n<p><b><img loading=\"lazy\" class=\"aligncenter wp-image-10280\" src=\"https:\/\/hekalsoluciones.com\/hekalsoluciones\/wp-content\/uploads\/2024\/06\/ENVIO-GRATIS.png\" alt=\"\" width=\"535\" height=\"209\" srcset=\"https:\/\/hekalsoluciones.com\/hekalsoluciones\/wp-content\/uploads\/2024\/06\/ENVIO-GRATIS.png 1280w, https:\/\/hekalsoluciones.com\/hekalsoluciones\/wp-content\/uploads\/2024\/06\/ENVIO-GRATIS-300x117.png 300w, https:\/\/hekalsoluciones.com\/hekalsoluciones\/wp-content\/uploads\/2024\/06\/ENVIO-GRATIS-1024x400.png 1024w, https:\/\/hekalsoluciones.com\/hekalsoluciones\/wp-content\/uploads\/2024\/06\/ENVIO-GRATIS-768x300.png 768w\" sizes=\"(max-width: 535px) 100vw, 535px\" \/><\/b><\/p>\n","protected":false},"featured_media":10587,"comment_status":"open","ping_status":"closed","template":"","meta":{"_monsterinsights_skip_tracking":false,"_monsterinsights_sitenote_active":false,"_monsterinsights_sitenote_note":"","_monsterinsights_sitenote_category":0},"aioseo_notices":[],"_links":{"self":[{"href":"https:\/\/hekalsoluciones.com\/hekalsoluciones\/wp-json\/wp\/v2\/product\/10586"}],"collection":[{"href":"https:\/\/hekalsoluciones.com\/hekalsoluciones\/wp-json\/wp\/v2\/product"}],"about":[{"href":"https:\/\/hekalsoluciones.com\/hekalsoluciones\/wp-json\/wp\/v2\/types\/product"}],"replies":[{"embeddable":true,"href":"https:\/\/hekalsoluciones.com\/hekalsoluciones\/wp-json\/wp\/v2\/comments?post=10586"}],"wp:featuredmedia":[{"embeddable":true,"href":"https:\/\/hekalsoluciones.com\/hekalsoluciones\/wp-json\/wp\/v2\/media\/10587"}],"wp:attachment":[{"href":"https:\/\/hekalsoluciones.com\/hekalsoluciones\/wp-json\/wp\/v2\/media?parent=10586"}],"curies":[{"name":"wp","href":"https:\/\/api.w.org\/{rel}","templated":true}]}}