{"id":12949,"date":"2026-02-23T21:42:11","date_gmt":"2026-02-23T21:42:11","guid":{"rendered":"https:\/\/hekalsoluciones.com\/hekalsoluciones\/producto\/impresora-multifuncional-epson-ecotank-l5590-color-negro\/"},"modified":"2026-03-29T01:56:14","modified_gmt":"2026-03-29T01:56:14","slug":"impresora-multifuncional-epson-ecotank-l5590-color-negro","status":"publish","type":"product","link":"https:\/\/hekalsoluciones.com\/hekalsoluciones\/producto\/impresora-multifuncional-epson-ecotank-l5590-color-negro\/","title":{"rendered":"Impresora Multifuncional EPSON Ecotank L5590 COLOR Negro"},"content":{"rendered":"<p>La impresora multifuncional Epson EcoTank L5590 va m\u00e1s all\u00e1 de la confiabilidad y eficiencia esperadas de EcoTank, ofreciendo velocidades de impresi\u00f3n un 50% m\u00e1s r\u00e1pidas con la tecnolog\u00eda Heat-Free PrecisionCore. Con un alimentador de documentos de 30 p\u00e1ginas, simplifica tareas frecuentes de copiado y escaneado, y permite compartir en redes v\u00eda Wi-Fi o Ethernet. La conectividad m\u00f3vil a trav\u00e9s de Epson Smart Panel facilita la impresi\u00f3n desde dispositivos m\u00f3viles, proporcionando una soluci\u00f3n sin cartuchos para imprimir con tranquilidad y conveniencia.<\/p>\n<div class=\"shopcommerce-product-attributes\">\n<h4>Especificaciones<\/h4>\n<ul class=\"product-specs\">\n<li><strong>CONDICI\u00d3N:<\/strong> NUEVO<\/li>\n<li><strong>COLOR:<\/strong> NEGRO<\/li>\n<li><strong>MARCA:<\/strong> EPSON<\/li>\n<li><strong>MODELO:<\/strong> L5590<\/li>\n<li><strong>L\u00cdNEA DE PRODUCTOS:<\/strong> IMPRESORAS<\/li>\n<li><strong>VOLTAJE:<\/strong> 110.00<\/li>\n<li><strong>MODELO ALFANUMERICO:<\/strong> L5590<\/li>\n<li><strong>MODELO DETALLADO:<\/strong> Impresora multifuncional epson ecotank L5590<\/li>\n<li><strong>CON WI-FI:<\/strong> SI<\/li>\n<li><strong>ES KIT:<\/strong> NO<\/li>\n<li><strong>ACCESORIOS INCLUIDOS:<\/strong> SI<\/li>\n<li><strong>CANTIDAD DE CARTUCHOS:<\/strong> 4<\/li>\n<li><strong>CANTIDAD DE CHAROLAS:<\/strong> 1<\/li>\n<li><strong>VELOCIDAD PROCESADOR:<\/strong> 0.00<\/li>\n<li><strong>VELOCIDAD DE IMPRESION EN COLOR:<\/strong> color 20 ppm (borrador, A4\/carta)<\/li>\n<li><strong>VELOCIDAD DE IMPRESION EN BLANCO Y NEGRO:<\/strong> Negro 33 ppm (borrador, A4\/carta)<\/li>\n<li><strong>UNIDADES DE DIMENSI\u00d3N:<\/strong> CM<\/li>\n<li><strong>UNIDAD DE VELOCIDAD DEL PROCESADOR:<\/strong> N\/A<\/li>\n<li><strong>TIPOS DE PAPEL:<\/strong> Papel normal, Papel especial Epson (Photo Glossy\/Semi-gloss, Presentation PaperMatte sobres<\/li>\n<li><strong>CAPACIDAD M\u00c1XIMA DE HOJAS:<\/strong> 100<\/li>\n<li><strong>TIPO DE PANTALLA:<\/strong> LCD 1,44&quot; a color<\/li>\n<li><strong>TIPO DE IMPRESORA:<\/strong> MULTIFUNCIONAL COLOR<\/li>\n<li><strong>TIPO DE IMPRESI\u00d3N:<\/strong> Inyeccion de tinta<\/li>\n<li><strong>CON BLUETOOTH:<\/strong> NO<\/li>\n<li><strong>CON USB:<\/strong> SI<\/li>\n<li><strong>TECNOLOG\u00cdA DE IMPRESI\u00d3N:<\/strong> Inyecci\u00f3n de tinta Heat-Free PrecisionCore<\/li>\n<li><strong>CONEXIONES M\u00d3VILES:<\/strong> Wi-Fi 4\u00ae6 (IEEE 802.11 b\/g\/n), Wi-Fi Direct\u00ae6, Ethernet 10\/100<\/li>\n<li><strong>ES PORT\u00c1TIL:<\/strong> NO<\/li>\n<li><strong>TAMANOS DE PAPEL:<\/strong> A4, Carta, Oficio (215,9 mm x 355,6 mm), M\u00e9xico-Oficio (215,9 mm x 340,4 mm), Oficio 9 (214,9 mm x 315 mm), Ejecutivo, Media carta, A6<\/li>\n<li><strong>UNIDAD DE PESO:<\/strong> KG<\/li>\n<li><strong>FUNCIONES DE LA IMPRESORA:<\/strong> IMPRIME, COPIA, ESCANEA, FAX, ADF, WIFI, ETHERNET<\/li>\n<li><strong>SKU:<\/strong> C11CK57301<\/li>\n<li><strong>NOMBRE O DESCRIPCION:<\/strong> Impresora multifuncional epson ecotank L5590<\/li>\n<li><strong>EAN:<\/strong> 010343973381<\/li>\n<li><strong>SKU SIMPLE:<\/strong> C11CK57301<\/li>\n<li><strong>ANCHURA DEL PAQUETE DE ENV\u00cdO:<\/strong> 37,5<\/li>\n<li><strong>ALTURA DEL PAQUETE DE ENV\u00cdO:<\/strong> 25,3<\/li>\n<li><strong>LARGO DEL PAQUETE DE ENV\u00cdO:<\/strong> 34,7<\/li>\n<li><strong>PESO DEL PAQUETE:<\/strong> 5,2<\/li>\n<li><strong>NOMBRE:<\/strong> Impresora Multifuncional EPSON Ecotank L5590 COLOR Negro<\/li>\n<li><strong>CARACTERISTICAS:<\/strong> La impresora multifuncional Epson EcoTank L5590 va m\u00e1s all\u00e1 de la confiabilidad y eficiencia esperadas de EcoTank, ofreciendo velocidades de impresi\u00f3n un 50% m\u00e1s r\u00e1pidas con la tecnolog\u00eda Heat-Free PrecisionCore. Con un alimentador de documentos de 30 p\u00e1ginas, simplifica tareas frecuentes de copiado y escaneado, y permite compartir en redes v\u00eda Wi-Fi o Ethernet. La conectividad m\u00f3vil a trav\u00e9s de Epson Smart Panel facilita la impresi\u00f3n desde dispositivos m\u00f3viles, proporcionando una soluci\u00f3n sin cartuchos para imprimir con tranquilidad y conveniencia.<\/li>\n<\/ul>\n<\/div>\n","protected":false},"excerpt":{"rendered":"<p>La impresora multifuncional Epson EcoTank L5590 va m\u00e1s all\u00e1 de la confiabilidad y eficiencia esperadas de EcoTank, ofreciendo velocidades de impresi\u00f3n un 50% m\u00e1s r\u00e1pidas con la tecnolog\u00eda Heat-Free PrecisionCore.<\/p>\n","protected":false},"featured_media":10725,"comment_status":"open","ping_status":"closed","template":"","meta":{"_monsterinsights_skip_tracking":false,"_monsterinsights_sitenote_active":false,"_monsterinsights_sitenote_note":"","_monsterinsights_sitenote_category":0},"aioseo_notices":[],"_links":{"self":[{"href":"https:\/\/hekalsoluciones.com\/hekalsoluciones\/wp-json\/wp\/v2\/product\/12949"}],"collection":[{"href":"https:\/\/hekalsoluciones.com\/hekalsoluciones\/wp-json\/wp\/v2\/product"}],"about":[{"href":"https:\/\/hekalsoluciones.com\/hekalsoluciones\/wp-json\/wp\/v2\/types\/product"}],"replies":[{"embeddable":true,"href":"https:\/\/hekalsoluciones.com\/hekalsoluciones\/wp-json\/wp\/v2\/comments?post=12949"}],"wp:featuredmedia":[{"embeddable":true,"href":"https:\/\/hekalsoluciones.com\/hekalsoluciones\/wp-json\/wp\/v2\/media\/10725"}],"wp:attachment":[{"href":"https:\/\/hekalsoluciones.com\/hekalsoluciones\/wp-json\/wp\/v2\/media?parent=12949"}],"curies":[{"name":"wp","href":"https:\/\/api.w.org\/{rel}","templated":true}]}}