{"id":13306,"date":"2026-02-27T17:04:47","date_gmt":"2026-02-27T17:04:47","guid":{"rendered":"https:\/\/hekalsoluciones.com\/hekalsoluciones\/producto\/televisor-samsung-flat-led-smart-tv-98-pulgadas-crystal-uhd-4k-3840-x-2160-dvb-t2-hdr-lan-wifi-5-control-remoto-solar-soporte-ajustable-bluetooth-5-2-google-meet-multi-view-ai\/"},"modified":"2026-03-17T15:28:09","modified_gmt":"2026-03-17T15:28:09","slug":"televisor-samsung-flat-led-smart-tv-98-pulgadas-crystal-uhd-4k-3840-x-2160-dvb-t2-hdr-lan-wifi-5-control-remoto-solar-soporte-ajustable-bluetooth-5-2-google-meet-multi-view-ai","status":"publish","type":"product","link":"https:\/\/hekalsoluciones.com\/hekalsoluciones\/producto\/televisor-samsung-flat-led-smart-tv-98-pulgadas-crystal-uhd-4k-3840-x-2160-dvb-t2-hdr-lan-wifi-5-control-remoto-solar-soporte-ajustable-bluetooth-5-2-google-meet-multi-view-ai\/","title":{"rendered":"Televisor Samsung FLAT LED Smart TV 98 pulgadas Crystal UHD 4K\u00a0 \/3,840 x 2,160 \/ DVB-T2 \/ HDR \/LAN\/ WIFI 5\/ Control remoto Solar \/ Soporte ajustable \/ Bluetooth 5.2 \/ Google Meet \/ Multi view\/ AirPlay 2 \/ Bixby desde el control \/modo ambiente\/ Modo Juego\/ HDMI x 4\/ USB x2-A \/abre y edita archivos de Office\/ control de voz\/Garant\u00eda 1 a\u00f1o, Ficha t\u00e9cn"},"content":{"rendered":"<p>Televisor Samsung FLAT LED Smart TV 98 pulgadas Crystal UHD 4K\u00a0 \/3,840 x 2,160 \/ DVB-T2 \/ HDR \/LAN\/ WIFI 5\/ Control remoto Solar \/ Soporte ajustable \/ Bluetooth 5.2 \/ Google Meet \/ Multi view\/ AirPlay 2 \/ Bixby desde el control \/modo ambiente\/ Modo Juego\/ HDMI x 4\/ USB x2-A \/abre y edita archivos de Office\/ control de voz\/Garant\u00eda 1 a\u00f1o, Ficha t\u00e9cn<\/p>\n","protected":false},"excerpt":{"rendered":"<p>Televisor Samsung FLAT LED Smart TV 98 pulgadas Crystal UHD 4K\u00a0 \/3,840 x 2,160 \/ DVB-T2 \/ HDR \/LAN\/ WIFI 5\/ Control remoto Solar \/ Soporte ajustable \/ Bluetooth 5.2<\/p>\n","protected":false},"featured_media":13307,"comment_status":"open","ping_status":"closed","template":"","meta":{"_monsterinsights_skip_tracking":false,"_monsterinsights_sitenote_active":false,"_monsterinsights_sitenote_note":"","_monsterinsights_sitenote_category":0},"aioseo_notices":[],"_links":{"self":[{"href":"https:\/\/hekalsoluciones.com\/hekalsoluciones\/wp-json\/wp\/v2\/product\/13306"}],"collection":[{"href":"https:\/\/hekalsoluciones.com\/hekalsoluciones\/wp-json\/wp\/v2\/product"}],"about":[{"href":"https:\/\/hekalsoluciones.com\/hekalsoluciones\/wp-json\/wp\/v2\/types\/product"}],"replies":[{"embeddable":true,"href":"https:\/\/hekalsoluciones.com\/hekalsoluciones\/wp-json\/wp\/v2\/comments?post=13306"}],"wp:featuredmedia":[{"embeddable":true,"href":"https:\/\/hekalsoluciones.com\/hekalsoluciones\/wp-json\/wp\/v2\/media\/13307"}],"wp:attachment":[{"href":"https:\/\/hekalsoluciones.com\/hekalsoluciones\/wp-json\/wp\/v2\/media?parent=13306"}],"curies":[{"name":"wp","href":"https:\/\/api.w.org\/{rel}","templated":true}]}}