{"id":13351,"date":"2026-02-27T17:08:41","date_gmt":"2026-02-27T17:08:41","guid":{"rendered":"https:\/\/hekalsoluciones.com\/hekalsoluciones\/producto\/camara-web-logitech-c270-hd-3mp-color-negro\/"},"modified":"2026-04-30T14:24:26","modified_gmt":"2026-04-30T14:24:26","slug":"camara-web-logitech-c270-hd-3mp-color-negro","status":"publish","type":"product","link":"https:\/\/hekalsoluciones.com\/hekalsoluciones\/producto\/camara-web-logitech-c270-hd-3mp-color-negro\/","title":{"rendered":"C\u00e1mara Web LOGITECH C270 HD 3MP COLOR Negro"},"content":{"rendered":"<p>Videoconferencias HD Simples. La c\u00e1mara web HD C270 ofrece conferencias n\u00edtidas y fluidas (720p\/30 fps) en pantalla panor\u00e1mica. La correcci\u00f3n de iluminaci\u00f3n autom\u00e1tica produce colores reales y naturales. Videollamadas HD 720p en Pantalla Panor\u00e1mica. N\u00edtidas videollamadas HD 720p\/30 fps con un campo visual diagonal de 55 y correcci\u00f3n de iluminaci\u00f3n autom\u00e1tica. Compatible con plataformas populares incluidas SkypeTM y Zoom. Micr\u00f3fono mono con reducci\u00f3n de ruido. El micr\u00f3fono integrado con reducci\u00f3n de ruido hace que se te escuche claramente hasta a 1,5 metros de distancia, incluso en entornos ruidosos. Correcci\u00f3n de iluminaci\u00f3n autom\u00e1tica. La funci\u00f3n RightLightTM 2 de C270 ajusta el video a las condiciones de iluminaci\u00f3n para producir im\u00e1genes m\u00e1s brillantes y con m\u00e1s contraste para ayudarte a ofrecer tu mejor versi\u00f3n en todas tus conferencias. Opci\u00f3n de montaje firme. El clip universal ajustable permite acoplar la c\u00e1mara de forma segura a la pantalla o a la laptop, o plegar el clip y colocar la c\u00e1mara web en un estante. Siempre lista para la siguiente videollamada.<\/p>\n<div class=\"shopcommerce-product-attributes\">\n<h4>Especificaciones<\/h4>\n<ul class=\"product-specs\">\n<li><strong>CONDICI\u00d3N:<\/strong> Nuevo<\/li>\n<li><strong>COLOR:<\/strong> NEGRO<\/li>\n<li><strong>MARCA:<\/strong> LOGITECH<\/li>\n<li><strong>MODELO:<\/strong> N\/A<\/li>\n<li><strong>L\u00cdNEA DE PRODUCTOS:<\/strong> N\/A<\/li>\n<li><strong>MODELO ALFANUMERICO:<\/strong> N\/A<\/li>\n<li><strong>MODELO DETALLADO:<\/strong> N\/A<\/li>\n<li><strong>FUENTE DEL PRODUCTO:<\/strong> N\/A<\/li>\n<li><strong>ES KIT:<\/strong> NO<\/li>\n<li><strong>ZOOM:<\/strong> SI<\/li>\n<li><strong>UNIDADES DE DIMENSI\u00d3N:<\/strong> IN<\/li>\n<li><strong>TIPO DE LENTE:<\/strong> Foco Fijo<\/li>\n<li><strong>CON MICR\u00d3FONO INCORPORADO:<\/strong> SI<\/li>\n<li><strong>CON PROTECCI\u00d3N DE IMAGEN:<\/strong> NO<\/li>\n<li><strong>FLUIDEZ DE VIDEO:<\/strong> N\/A<\/li>\n<li><strong>SISTEMA OPERATIVO QUE SOPORTA:<\/strong> Windows 10 o posterior, Windows 8, Windows 7<\/li>\n<li><strong>RESOLUCI\u00d3N DE PANTALLA:<\/strong> 720p\/30fps<\/li>\n<li><strong>RESOLUCI\u00d3N DE LA IMAGEN:<\/strong> 720<\/li>\n<li><strong>UNIDAD DE PESO:<\/strong> OZ<\/li>\n<li><strong>INTERFACES:<\/strong> N\/A<\/li>\n<li><strong>SKU:<\/strong> 97855070739<\/li>\n<li><strong>NOMBRE O DESCRIPCION:<\/strong> Videoconferencias HD Simples. La c\u00e1mara web HD C270 ofrece conferencias n\u00edtidas y fluidas (720p\/30 fps) en pantalla panor\u00e1mica. La correcci\u00f3n de iluminaci\u00f3n autom\u00e1tica produce colores reales y naturales. Videollamadas HD 720p en Pantalla Panor\u00e1mica. N\u00edtidas videollamadas HD 720p\/30 fps con un campo visual diagonal de 55 y correcci\u00f3n de iluminaci\u00f3n autom\u00e1tica. Compatible con plataformas populares incluidas SkypeTM y Zoom. Micr\u00f3fono mono con reducci\u00f3n de ruido. El micr\u00f3fono integrado con reducci\u00f3n de ruido hace que se te escuche claramente hasta a 1,5 metros de distancia, incluso en entornos ruidosos. Correcci\u00f3n de iluminaci\u00f3n autom\u00e1tica. La funci\u00f3n RightLightTM 2 de C270 ajusta el video a las condiciones de iluminaci\u00f3n para producir im\u00e1genes m\u00e1s brillantes y con m\u00e1s contraste para ayudarte a ofrecer tu mejor versi\u00f3n en todas tus conferencias. Opci\u00f3n de montaje firme. El clip universal ajustable permite acoplar la c\u00e1mara de forma segura a la pantalla o a la laptop, o plegar el clip y colocar la c\u00e1mara web en un estante. Siempre lista para la siguiente videollamada.<\/li>\n<li><strong>IMAGEN:<\/strong> SI<\/li>\n<li><strong>EAN:<\/strong> 10097855070736<\/li>\n<li><strong>SKU SIMPLE:<\/strong> 97855070739<\/li>\n<li><strong>PRECIO:<\/strong> N\/A<\/li>\n<li><strong>STOCK:<\/strong> N\/A<\/li>\n<li><strong>M\u00c9TODO DE ENV\u00cdO:<\/strong> N\/A<\/li>\n<li><strong>ANCHURA DEL PAQUETE DE ENV\u00cdO:<\/strong> 8<\/li>\n<li><strong>ALTURA DEL PAQUETE DE ENV\u00cdO:<\/strong> 6<\/li>\n<li><strong>LARGO DEL PAQUETE DE ENV\u00cdO:<\/strong> 3<\/li>\n<li><strong>PESO DEL PAQUETE:<\/strong> 3<\/li>\n<li><strong>CANAL EXCLUSIVO:<\/strong> N\/A<\/li>\n<li><strong>ACABADO DE LA ESTRUCTURA:<\/strong> N\/A<\/li>\n<li><strong>NOMBRE:<\/strong> C\u00e1mara Web LOGITECH C270 HD 3MP COLOR Negro<\/li>\n<li><strong>CARACTERISTICAS:<\/strong> Videoconferencias HD Simples. La c\u00e1mara web HD C270 ofrece conferencias n\u00edtidas y fluidas (720p\/30 fps) en pantalla panor\u00e1mica. La correcci\u00f3n de iluminaci\u00f3n autom\u00e1tica produce colores reales y naturales. Videollamadas HD 720p en Pantalla Panor\u00e1mica. N\u00edtidas videollamadas HD 720p\/30 fps con un campo visual diagonal de 55 y correcci\u00f3n de iluminaci\u00f3n autom\u00e1tica. Compatible con plataformas populares incluidas SkypeTM y Zoom. Micr\u00f3fono mono con reducci\u00f3n de ruido. El micr\u00f3fono integrado con reducci\u00f3n de ruido hace que se te escuche claramente hasta a 1,5 metros de distancia, incluso en entornos ruidosos. Correcci\u00f3n de iluminaci\u00f3n autom\u00e1tica. La funci\u00f3n RightLightTM 2 de C270 ajusta el video a las condiciones de iluminaci\u00f3n para producir im\u00e1genes m\u00e1s brillantes y con m\u00e1s contraste para ayudarte a ofrecer tu mejor versi\u00f3n en todas tus conferencias. Opci\u00f3n de montaje firme. El clip universal ajustable permite acoplar la c\u00e1mara de forma segura a la pantalla o a la laptop, o plegar el clip y colocar la c\u00e1mara web en un estante. Siempre lista para la siguiente videollamada.<\/li>\n<\/ul>\n<\/div>\n","protected":false},"excerpt":{"rendered":"<p>Videoconferencias HD Simples. La c\u00e1mara web HD C270 ofrece conferencias n\u00edtidas y fluidas (720p\/30 fps) en pantalla panor\u00e1mica. La correcci\u00f3n de iluminaci\u00f3n autom\u00e1tica produce colores reales y naturales. Videollamadas HD<\/p>\n","protected":false},"featured_media":13352,"comment_status":"open","ping_status":"closed","template":"","meta":{"_monsterinsights_skip_tracking":false,"_monsterinsights_sitenote_active":false,"_monsterinsights_sitenote_note":"","_monsterinsights_sitenote_category":0},"aioseo_notices":[],"_links":{"self":[{"href":"https:\/\/hekalsoluciones.com\/hekalsoluciones\/wp-json\/wp\/v2\/product\/13351"}],"collection":[{"href":"https:\/\/hekalsoluciones.com\/hekalsoluciones\/wp-json\/wp\/v2\/product"}],"about":[{"href":"https:\/\/hekalsoluciones.com\/hekalsoluciones\/wp-json\/wp\/v2\/types\/product"}],"replies":[{"embeddable":true,"href":"https:\/\/hekalsoluciones.com\/hekalsoluciones\/wp-json\/wp\/v2\/comments?post=13351"}],"wp:featuredmedia":[{"embeddable":true,"href":"https:\/\/hekalsoluciones.com\/hekalsoluciones\/wp-json\/wp\/v2\/media\/13352"}],"wp:attachment":[{"href":"https:\/\/hekalsoluciones.com\/hekalsoluciones\/wp-json\/wp\/v2\/media?parent=13351"}],"curies":[{"name":"wp","href":"https:\/\/api.w.org\/{rel}","templated":true}]}}