{"id":13441,"date":"2026-02-27T17:30:06","date_gmt":"2026-02-27T17:30:06","guid":{"rendered":"https:\/\/hekalsoluciones.com\/hekalsoluciones\/producto\/combo-teclado-mouse-genius-km-8101-inalambrico\/"},"modified":"2026-03-26T17:23:53","modified_gmt":"2026-03-26T17:23:53","slug":"combo-teclado-mouse-genius-km-8101-inalambrico","status":"publish","type":"product","link":"https:\/\/hekalsoluciones.com\/hekalsoluciones\/producto\/combo-teclado-mouse-genius-km-8101-inalambrico\/","title":{"rendered":"Combo teclado + mouse Genius KM-8101 inalambrico"},"content":{"rendered":"<p>Combo teclado + mouse Genius KM-8101 inalambrico Negro\/Frecuencia RF 2,4 GHz\/Tipo de tecla C\u00f3ncava\/Teclas de funci\u00f3n\tS\u00ed, 12 (8 de audio, 4 de Internet)\/Teclas multimedia S\u00ed\/Motor de sensor de rat\u00f3n \u00d3ptico\/Resoluci\u00f3n del rat\u00f3n (DPI) 1000\/Rat\u00f3n n\u00famero de botones3 (izquierda, derecha, bot\u00f3n central con desplazamiento)\/Requisitos del sistema\tWindows\u00ae 8, 10, 11 o posterior \/ Mac OS X 10.8 o posterior \/ Puerto USB disponible<\/p>\n<div class=\"shopcommerce-product-attributes\">\n<h4>Especificaciones<\/h4>\n<ul class=\"product-specs\">\n<li><strong>CONDICI\u00d3N:<\/strong> NUEVO<\/li>\n<li><strong>COLOR:<\/strong> NEGRO<\/li>\n<li><strong>MARCA:<\/strong> GENIUS<\/li>\n<li><strong>MODELO:<\/strong> Combo teclado + mouse Genius KM-8101 inalambrico<\/li>\n<li><strong>FUENTE DEL PRODUCTO:<\/strong> N\/A<\/li>\n<li><strong>ES KIT:<\/strong> SI<\/li>\n<li><strong>UNIDADES DE DIMENSI\u00d3N:<\/strong> <em>N\/A<\/em><\/li>\n<li><strong>CON USB:<\/strong> SI<\/li>\n<li><strong>ES GAMER:<\/strong> NO<\/li>\n<li><strong>ES INAL\u00c1MBRICO:<\/strong> SI<\/li>\n<li><strong>ES RECARGABLE:<\/strong> NO<\/li>\n<li><strong>RESOLUCI\u00d3N DEL SENSOR DEL MOUSE\u00a0DPI:<\/strong> 1000<\/li>\n<li><strong>RESOLUCI\u00d3N DEL SENSOR DEL MOUSE\u00a0PPI:<\/strong> 1000<\/li>\n<li><strong>UNIDAD DE PESO:<\/strong> N\/A<\/li>\n<li><strong>INCLUYE MOUSEPAD:<\/strong> NO<\/li>\n<li><strong>INCLUYE AURICULARES:<\/strong> NO<\/li>\n<li><strong>SKU:<\/strong> 31340014401<\/li>\n<li><strong>NOMBRE O DESCRIPCION:<\/strong> Combo teclado + mouse Genius KM-8101 inalambrico<\/li>\n<li><strong>CARACTERISTICAS:<\/strong> Combo teclado + mouse Genius KM-8101 inalambrico Negro\/Frecuencia RF 2,4 GHz\/Tipo de tecla C\u00f3ncava\/Teclas de funci\u00f3n\tS\u00ed, 12 (8 de audio, 4 de Internet)\/Teclas multimedia S\u00ed\/Motor de sensor de rat\u00f3n \u00d3ptico\/Resoluci\u00f3n del rat\u00f3n (DPI) 1000\/Rat\u00f3n n\u00famero de botones3 (izquierda, derecha, bot\u00f3n central con desplazamiento)\/Requisitos del sistema\tWindows\u00ae 8, 10, 11 o posterior \/ Mac OS X 10.8 o posterior \/ Puerto USB disponible<\/li>\n<li><strong>EAN:<\/strong> 4710268259398<\/li>\n<li><strong>SKU SIMPLE:<\/strong> 31340014401<\/li>\n<li><strong>ANCHURA DEL PAQUETE DE ENV\u00cdO:<\/strong> <em>N\/A<\/em><\/li>\n<li><strong>ALTURA DEL PAQUETE DE ENV\u00cdO:<\/strong> N\/A<\/li>\n<li><strong>LARGO DEL PAQUETE DE ENV\u00cdO:<\/strong> <em>N\/A<\/em><\/li>\n<li><strong>PESO DEL PAQUETE:<\/strong> <em>N\/A<\/em><\/li>\n<\/ul>\n<\/div>\n","protected":false},"excerpt":{"rendered":"<p>Combo teclado + mouse Genius KM-8101 inalambrico Negro\/Frecuencia RF 2,4 GHz\/Tipo de tecla C\u00f3ncava\/Teclas de funci\u00f3n S\u00ed, 12 (8 de audio, 4 de Internet)\/Teclas multimedia S\u00ed\/Motor de sensor de rat\u00f3n<\/p>\n","protected":false},"featured_media":11206,"comment_status":"open","ping_status":"closed","template":"","meta":{"_monsterinsights_skip_tracking":false,"_monsterinsights_sitenote_active":false,"_monsterinsights_sitenote_note":"","_monsterinsights_sitenote_category":0},"aioseo_notices":[],"_links":{"self":[{"href":"https:\/\/hekalsoluciones.com\/hekalsoluciones\/wp-json\/wp\/v2\/product\/13441"}],"collection":[{"href":"https:\/\/hekalsoluciones.com\/hekalsoluciones\/wp-json\/wp\/v2\/product"}],"about":[{"href":"https:\/\/hekalsoluciones.com\/hekalsoluciones\/wp-json\/wp\/v2\/types\/product"}],"replies":[{"embeddable":true,"href":"https:\/\/hekalsoluciones.com\/hekalsoluciones\/wp-json\/wp\/v2\/comments?post=13441"}],"wp:featuredmedia":[{"embeddable":true,"href":"https:\/\/hekalsoluciones.com\/hekalsoluciones\/wp-json\/wp\/v2\/media\/11206"}],"wp:attachment":[{"href":"https:\/\/hekalsoluciones.com\/hekalsoluciones\/wp-json\/wp\/v2\/media?parent=13441"}],"curies":[{"name":"wp","href":"https:\/\/api.w.org\/{rel}","templated":true}]}}