{"id":13993,"date":"2026-04-16T15:53:17","date_gmt":"2026-04-16T15:53:17","guid":{"rendered":"https:\/\/hekalsoluciones.com\/hekalsoluciones\/producto\/impresora-epson-matriz-de-punto-lx350-color-negro\/"},"modified":"2026-04-28T17:39:13","modified_gmt":"2026-04-28T17:39:13","slug":"impresora-epson-matriz-de-punto-lx350-color-negro","status":"publish","type":"product","link":"https:\/\/hekalsoluciones.com\/hekalsoluciones\/producto\/impresora-epson-matriz-de-punto-lx350-color-negro\/","title":{"rendered":"Impresora EPSON Matriz de Punto LX350 COLOR Negro"},"content":{"rendered":"<p>Esta impresora est\u00e1 dise\u00f1ada para ser pr\u00e1ctica y eficiente en diferentes entornos de trabajo. Su velocidad de impresi\u00f3n, conectividad vers\u00e1til y confiabilidad son aspectos destacados, y el bajo costo de mantenimiento puede ser un factor importante para las empresas que buscan eficiencia y ahorro.\t<\/p>\n<div class=\"shopcommerce-product-attributes\">\n<h4>Especificaciones<\/h4>\n<ul class=\"product-specs\">\n<li><strong>CONDICI\u00d3N:<\/strong> NUEVO<\/li>\n<li><strong>COLOR:<\/strong> NEGRO<\/li>\n<li><strong>MARCA:<\/strong> EPSON<\/li>\n<li><strong>MODELO:<\/strong> LX-350<\/li>\n<li><strong>L\u00cdNEA DE PRODUCTOS:<\/strong> Impresora de matriz punto<\/li>\n<li><strong>VOLTAJE:<\/strong> 0.00<\/li>\n<li><strong>MODELO ALFANUMERICO:<\/strong> LX-350<\/li>\n<li><strong>MODELO DETALLADO:<\/strong> Impresora Epson Matriz de Punto LX350<\/li>\n<li><strong>CON WI-FI:<\/strong> NO<\/li>\n<li><strong>ES KIT:<\/strong> NO<\/li>\n<li><strong>ACCESORIOS INCLUIDOS:<\/strong> SI<\/li>\n<li><strong>CANTIDAD DE CARTUCHOS:<\/strong> 1<\/li>\n<li><strong>CANTIDAD DE CHAROLAS:<\/strong> <em>N\/A<\/em><\/li>\n<li><strong>VELOCIDAD PROCESADOR:<\/strong> 0.00<\/li>\n<li><strong>VELOCIDAD DE IMPRESION EN COLOR:<\/strong> N\/A<\/li>\n<li><strong>VELOCIDAD DE IMPRESION EN BLANCO Y NEGRO:<\/strong> &quot;Borrador de alta velocidad 347 cps (10 cpi) 357 cps (12 cpi) 390 cps (15 cpi)<br \/>\nBorrador de alta velocidad condensado 383 cps (17 cpi) 298 cps (20 cpi)<br \/>\nBorrador 260 cps (10 cpi) 312 cps (12 cpi) 223 cps (15 cpi)<br \/>\nBorrador condensado 222 cps (17 cpi) 260 cps (20 cpi)<br \/>\nBorrador con emf\u00e1sis 130 cps (10 cpi)<br \/>\nNLQ 65 cps (10 cpi) 78 cps (12 cpi) 55 cps (15<\/li>\n<li><strong>UNIDADES DE DIMENSI\u00d3N:<\/strong> Cm<\/li>\n<li><strong>UNIDAD DE VELOCIDAD DEL PROCESADOR:<\/strong> N\/A<\/li>\n<li><strong>TIPOS DE PAPEL:<\/strong> Bond<\/li>\n<li><strong>CAPACIDAD M\u00c1XIMA DE HOJAS:<\/strong> <em>N\/A<\/em><\/li>\n<li><strong>TIPO DE PANTALLA:<\/strong> N\/A<\/li>\n<li><strong>TIPO DE IMPRESORA:<\/strong> Impresora unifuncion<\/li>\n<li><strong>TIPO DE IMPRESI\u00d3N:<\/strong> Matriz de puntos de impacto en serie, 9 agujas<\/li>\n<li><strong>CON BLUETOOTH:<\/strong> NO<\/li>\n<li><strong>CON USB:<\/strong> SI<\/li>\n<li><strong>TECNOLOG\u00cdA DE IMPRESI\u00d3N:<\/strong> Matriz de puntos<\/li>\n<li><strong>CONEXIONES M\u00d3VILES:<\/strong> N\/A<\/li>\n<li><strong>ES PORT\u00c1TIL:<\/strong> NO<\/li>\n<li><strong>TAMANOS DE PAPEL:<\/strong> Carta, Oficio, continuo.<\/li>\n<li><strong>UNIDAD DE PESO:<\/strong> kg<\/li>\n<li><strong>FUNCIONES DE LA IMPRESORA:<\/strong> Imprimir hojas sueltas, cheques, membretes.<\/li>\n<li><strong>SKU:<\/strong> C11CC24001<\/li>\n<li><strong>NOMBRE O DESCRIPCION:<\/strong> Impresora Epson Matriz de Punto LX350<\/li>\n<li><strong>IMAGEN:<\/strong> Si<\/li>\n<li><strong>EAN:<\/strong> 10343902015<\/li>\n<li><strong>SKU SIMPLE:<\/strong> C11CC24001<\/li>\n<li><strong>PRECIO:<\/strong> N\/A<\/li>\n<li><strong>STOCK:<\/strong> N\/A<\/li>\n<li><strong>M\u00c9TODO DE ENV\u00cdO:<\/strong> N\/A<\/li>\n<li><strong>ANCHURA DEL PAQUETE DE ENV\u00cdO:<\/strong> 37<\/li>\n<li><strong>ALTURA DEL PAQUETE DE ENV\u00cdO:<\/strong> 16<\/li>\n<li><strong>LARGO DEL PAQUETE DE ENV\u00cdO:<\/strong> 28<\/li>\n<li><strong>PESO DEL PAQUETE:<\/strong> 4.1<\/li>\n<li><strong>CANAL EXCLUSIVO:<\/strong> N\/A<\/li>\n<li><strong>NOMBRE:<\/strong> Impresora EPSON Matriz de Punto LX350 COLOR Negro<\/li>\n<li><strong>CARACTERISTICAS:<\/strong> Esta impresora est\u00e1 dise\u00f1ada para ser pr\u00e1ctica y eficiente en diferentes entornos de trabajo. Su velocidad de impresi\u00f3n, conectividad vers\u00e1til y confiabilidad son aspectos destacados, y el bajo costo de mantenimiento puede ser un factor importante para las empresas que buscan eficiencia y ahorro.\t<\/li>\n<\/ul>\n<\/div>\n","protected":false},"excerpt":{"rendered":"<p>Esta impresora est\u00e1 dise\u00f1ada para ser pr\u00e1ctica y eficiente en diferentes entornos de trabajo. Su velocidad de impresi\u00f3n, conectividad vers\u00e1til y confiabilidad son aspectos destacados, y el bajo costo de<\/p>\n","protected":false},"featured_media":11295,"comment_status":"open","ping_status":"closed","template":"","meta":{"_monsterinsights_skip_tracking":false,"_monsterinsights_sitenote_active":false,"_monsterinsights_sitenote_note":"","_monsterinsights_sitenote_category":0},"aioseo_notices":[],"_links":{"self":[{"href":"https:\/\/hekalsoluciones.com\/hekalsoluciones\/wp-json\/wp\/v2\/product\/13993"}],"collection":[{"href":"https:\/\/hekalsoluciones.com\/hekalsoluciones\/wp-json\/wp\/v2\/product"}],"about":[{"href":"https:\/\/hekalsoluciones.com\/hekalsoluciones\/wp-json\/wp\/v2\/types\/product"}],"replies":[{"embeddable":true,"href":"https:\/\/hekalsoluciones.com\/hekalsoluciones\/wp-json\/wp\/v2\/comments?post=13993"}],"wp:featuredmedia":[{"embeddable":true,"href":"https:\/\/hekalsoluciones.com\/hekalsoluciones\/wp-json\/wp\/v2\/media\/11295"}],"wp:attachment":[{"href":"https:\/\/hekalsoluciones.com\/hekalsoluciones\/wp-json\/wp\/v2\/media?parent=13993"}],"curies":[{"name":"wp","href":"https:\/\/api.w.org\/{rel}","templated":true}]}}