{"id":8036,"date":"2022-02-11T18:35:27","date_gmt":"2022-02-11T18:35:27","guid":{"rendered":"https:\/\/hekalsoluciones.com\/hekalsoluciones\/?post_type=product&#038;p=8036"},"modified":"2024-10-07T16:31:12","modified_gmt":"2024-10-07T16:31:12","slug":"dell-inspiron-3501","status":"publish","type":"product","link":"https:\/\/hekalsoluciones.com\/hekalsoluciones\/producto\/dell-inspiron-3501\/","title":{"rendered":"Dell Inspiron 3501 Core i3 1115G4, Ram 8GB Win 11 Home"},"content":{"rendered":"<div class=\"anchoredContentContainer clrFix anchoredContent_1imageup anchorMenu\">\n<div class=\"oneImageUpContainer\">\n<h1 style=\"text-align: center;\">Port\u00e1til Dell Inspiron 15,6&#8243;-3501 Intel Core I3 1115g4 8gb DDR4 1 Windows 11 Home<\/h1>\n<div class=\"oneImageUp\">\n<p><img id=\"\" class=\"lazy aligncenter\" title=\"Consistencia a tu alcance\" src=\"https:\/\/i.dell.com\/is\/image\/DellContent\/\/content\/dam\/global-site-design\/product_images\/dell_client_products\/notebooks\/inspiron_notebooks\/inspiron_3501\/pdp\/notebook_laptop_inspiron_bullseye_bk%20intel_pdp_mod_02.jpg?fmt=jpg&amp;wid=966&amp;hei=439\" alt=\"Consistencia a tu alcance\" border=\"0\" data-original=\"\/\/i.dell.com\/is\/image\/DellContent\/\/content\/dam\/global-site-design\/product_images\/dell_client_products\/notebooks\/inspiron_notebooks\/inspiron_3501\/pdp\/notebook_laptop_inspiron_bullseye_bk%20intel_pdp_mod_02.jpg?fmt=jpg&amp;wid=966&amp;hei=439\" \/><\/p>\n<p>&nbsp;<\/p>\n<div class=\"oneImageHeadline\"><strong>Consistencia a tu alcance<\/strong><\/div>\n<div class=\"oneImageBody\">\n<p><strong>Almacenamiento en abundancia:<\/strong>\u00a0las unidades de estado s\u00f3lido (SSD) PCIe NVMe opcionales brindan un rendimiento m\u00e1s silencioso y con mayor capacidad de respuesta junto con una resistencia a los golpes mejorada en comparaci\u00f3n con las unidades de disco duro (HDD) tradicionales.<\/p>\n<p><strong>Poder memorable:<\/strong>\u00a0vea, lea, mire, transmita, escuche y aprenda con los\u00a0procesadores\u00a0<sup>Intel\u00ae<\/sup>\u00a0de\u00a0<sup>d\u00e9cima<\/sup>\u00a0generaci\u00f3n o que ofrecen una amplia gama de capacidades multimedia para entretener y atraer durante todo el d\u00eda.\u00a0Junto con una memoria DDR4 de hasta 8 GB, puede realizar m\u00faltiples tareas f\u00e1cilmente y cambiar entre aplicaciones abiertas.<\/p>\n<p><strong>Listo y esperando:<\/strong><\/p>\n<p>Acceda a lo que m\u00e1s necesita con solo tocar un bot\u00f3n o hacer clic en su panel t\u00e1ctil.\u00a0Con Modern Standby, su computadora port\u00e1til se activa r\u00e1pidamente para que pueda reanudar cualquier cosa en la que est\u00e9 trabajando.<\/p>\n<\/div>\n<\/div>\n<\/div>\n<\/div>\n<div class=\"anchored_clearFloats\"><\/div>\n<div class=\"anchoredContentContainer clrFix anchoredContent_textrightimageleft anchorMenu\">\n<div class=\"textrightimageleft_Container clrFix\">\n<div class=\"textrightimageleft_MainImg\">\n<div class=\"leftRightMainImg\"><img class=\"lazy aligncenter\" title=\"Dise\u00f1ado para mantenerte en movimiento\" src=\"https:\/\/i.dell.com\/is\/image\/DellContent\/\/content\/dam\/global-site-design\/product_images\/dell_client_products\/notebooks\/inspiron_notebooks\/inspiron_3501\/pdp\/notebook_laptop_inspiron_bullseye_bk%20intel_pdp_mod_03.jpg?fmt=jpg&amp;wid=389&amp;hei=399\" alt=\"Dise\u00f1ado para mantenerte en movimiento\" border=\"0\" data-original=\"\/\/i.dell.com\/is\/image\/DellContent\/\/content\/dam\/global-site-design\/product_images\/dell_client_products\/notebooks\/inspiron_notebooks\/inspiron_3501\/pdp\/notebook_laptop_inspiron_bullseye_bk%20intel_pdp_mod_03.jpg?fmt=jpg&amp;wid=389&amp;hei=399\" \/><\/div>\n<\/div>\n<div class=\"textrightimageleft_MainBody\">\n<div class=\"leftRight_MainHead\"><strong>Dise\u00f1ado para mantenerte en movimiento el Port\u00e1til Dell Inspiron 15-3501\u00a0<\/strong><\/div>\n<div class=\"leftRight_MainCopy\">\n<p><strong>Viaje liviano:<\/strong>\u00a0aproximadamente un 11.88% m\u00e1s liviano que su generaci\u00f3n anterior, el Inspiron 15 3000 est\u00e1 listo para usar cuando usted lo est\u00e9.<\/p>\n<p><strong>Mejor vista:\u00a0<\/strong>\u00a0disfrute de m\u00e1s pantalla con bordes estrechos de dos lados que permiten una experiencia de visualizaci\u00f3n m\u00e1s amplia.\u00a0La pantalla FHD y antirreflejo, envuelta en bordes delgados con estilo, ofrece una imagen clara y brillante que es agradable a la vista.<\/p>\n<\/div>\n<\/div>\n<\/div>\n<\/div>\n<div class=\"anchored_clearFloats\"><\/div>\n<div class=\"anchoredContentContainer clrFix anchoredContent_textleftimageright anchorMenu\">\n<div class=\"textleftimageright_Container clrFix\">\n<div class=\"textleftimageright_MainImg\">\n<div class=\"leftRightMainImg\"><img class=\"lazy aligncenter\" title=\"Esenciales elevados\" src=\"https:\/\/i.dell.com\/is\/image\/DellContent\/\/content\/dam\/global-site-design\/product_images\/dell_client_products\/notebooks\/inspiron_notebooks\/inspiron_3501\/pdp\/notebook_laptop_inspiron_bullseye_intel_pdp_mod_04_alt.jpg?fmt=jpg&amp;wid=390&amp;hei=331\" alt=\"Esenciales elevados\" border=\"0\" data-original=\"\/\/i.dell.com\/is\/image\/DellContent\/\/content\/dam\/global-site-design\/product_images\/dell_client_products\/notebooks\/inspiron_notebooks\/inspiron_3501\/pdp\/notebook_laptop_inspiron_bullseye_intel_pdp_mod_04_alt.jpg?fmt=jpg&amp;wid=390&amp;hei=331\" \/><\/div>\n<h6>Port\u00e1til Dell Inspiron 15-3501 Intel Core I3 1115g4 4gb Ddr4 1 Tera 15,6\u2033 Windows 10 Home<\/h6>\n<\/div>\n<div class=\"textleftimageright_MainBody\">\n<div class=\"leftRight_MainHead\">Esenciales elevados<\/div>\n<div class=\"leftRight_MainCopy\">\n<p><strong>Enci\u00e9ndalo:<\/strong>\u00a0un teclado retroiluminado opcional significa que puede seguir trabajando sin importar las condiciones de iluminaci\u00f3n.<\/p>\n<p><strong>Puertos y m\u00e1s:<\/strong>\u00a0con\u00e9ctese a un televisor o monitor con el puerto HDMI, descargue fotos a trav\u00e9s de la ranura para tarjetas SD o disfrute de velocidades de transferencia r\u00e1pidas desde todos sus accesorios con dos puertos USB 3.2 Gen 1.<\/p>\n<p><strong>Teclado num\u00e9rico:\u00a0<\/strong>la elaboraci\u00f3n de presupuestos y otros c\u00e1lculos est\u00e1n a solo presionar un bot\u00f3n con el teclado num\u00e9rico.<\/p>\n<\/div>\n<\/div>\n<\/div>\n<\/div>\n<div class=\"anchoredContentContainer clrFix anchoredContent_1imageup anchorMenu\">\n<div class=\"oneImageUpContainer\">\n<div class=\"oneImageUp\">\n<p><strong>Transfiera archivos sin problemas<\/strong>\u00a0: transfiera archivos, fotos, videos, m\u00fasica y documentos entre su PC y tel\u00e9fono sin un almacenamiento en la nube complicado ni cables engorrosos.<\/p>\n<p><strong>Mirror Device to PC<\/strong>\u00a0: Proyecte la pantalla de su dispositivo Android o iOS en su PC e interact\u00fae con las aplicaciones all\u00ed.<\/p>\n<p><strong>Mantenga su privacidad<\/strong>\u00a0: su tel\u00e9fono se conecta a su PC a trav\u00e9s de la conexi\u00f3n segura punto a punto de Dell Mobile Connect para que sus datos nunca se expongan a trav\u00e9s de conexiones de Internet inseguras.<\/p>\n<\/div>\n<\/div>\n<\/div>\n<div class=\"anchored_clearFloats\"><\/div>\n<div class=\"anchoredContentContainer clrFix anchoredContent_1imageup anchorMenu\">\n<div class=\"oneImageUpContainer\">\n<div class=\"oneImageUp\">\n<p><img id=\"\" class=\"lazy\" title=\"Puertos y ranuras\" src=\"https:\/\/i.dell.com\/is\/image\/DellContent\/\/content\/dam\/global-site-design\/product_images\/dell_client_products\/notebooks\/inspiron_notebooks\/inspiron_3505\/pdp\/notebook_laptop_inspiron_bullseye_bk%20amd_pdp_mod_07.jpg?fmt=jpg&amp;wid=965&amp;hei=540\" alt=\"Puertos y ranuras\" border=\"0\" data-original=\"\/\/i.dell.com\/is\/image\/DellContent\/\/content\/dam\/global-site-design\/product_images\/dell_client_products\/notebooks\/inspiron_notebooks\/inspiron_3505\/pdp\/notebook_laptop_inspiron_bullseye_bk%20amd_pdp_mod_07.jpg?fmt=jpg&amp;wid=965&amp;hei=540\" \/><\/p>\n<div class=\"oneImageHeadline\">Puertos y ranuras<\/div>\n<div class=\"oneImageBody\">1. Lector de tarjetas SD |\u00a02. USB 2.0 Gen 1 Tipo-A |\u00a03. Ranura de bloqueo en forma de cu\u00f1a |\u00a04. Encendido |\u00a05. HDMI 1.4 |\u00a06. RJ45 |\u00a07. USB 3.2 Gen 1 Tipo A |\u00a08. USB 3.2 Gen 1 Tipo A |\u00a09. Conector para auriculares<\/div>\n<\/div>\n<\/div>\n<\/div>\n<div class=\"anchored_clearFloats\"><\/div>\n<div class=\"anchoredContentContainer clrFix anchoredContent_1imageup anchorMenu\">\n<div class=\"oneImageUpContainer\">\n<div class=\"oneImageUp\">\n<p><img id=\"\" class=\"lazy\" title=\"Puertos y ranuras\" src=\"https:\/\/i.dell.com\/is\/image\/DellContent\/\/content\/dam\/global-site-design\/product_images\/dell_client_products\/notebooks\/inspiron_notebooks\/inspiron_3501\/pdp\/notebook_laptop_inspiron_tgl-pns_intel_pdp_mod_07_black.jpg?fmt=jpg&amp;wid=973&amp;hei=542\" alt=\"Puertos y ranuras\" border=\"0\" data-original=\"\/\/i.dell.com\/is\/image\/DellContent\/\/content\/dam\/global-site-design\/product_images\/dell_client_products\/notebooks\/inspiron_notebooks\/inspiron_3501\/pdp\/notebook_laptop_inspiron_tgl-pns_intel_pdp_mod_07_black.jpg?fmt=jpg&amp;wid=973&amp;hei=542\" \/><\/p>\n<div class=\"oneImageHeadline\"><strong>Puertos y ranuras<\/strong><\/div>\n<div class=\"oneImageHeadline\">lector de tarjetas SD 1. 2. \u2502 USB 2.0 Gen ranura 1 Tipo-A \u2502 3. forma de cu\u00f1a de bloqueo \u2502 4. Power-en \u2502 5. USB 3.2 opcional Gen 1 Tipo-C con datos transferencia (Disponible s\u00f3lo en configuraciones con procesadores de 11 de generaci\u00f3n y NVIDIA\u00a0<sup>\u00ae<\/sup>\u00a0gr\u00e1ficos) \u2502 6. HDMI 1.4 \u2502 \u2502 RJ45 7. 8. USB 3.2 Gen 1 Tipo-a \u2502 9. USB 3.2 Gen 1 Tipo-a \u2502 10. Audio Jack<\/div>\n<\/div>\n<\/div>\n<\/div>\n<div class=\"anchored_clearFloats\"><\/div>\n<div class=\"anchoredContentContainer clrFix anchoredContent_1imageup anchorMenu\">\n<div class=\"oneImageUpContainer\">\n<div class=\"oneImageUp\">\n<p><img id=\"\" class=\"lazy\" title=\"Dimensiones y peso\" src=\"https:\/\/i.dell.com\/is\/image\/DellContent\/\/content\/dam\/global-site-design\/product_images\/dell_client_products\/notebooks\/inspiron_notebooks\/inspiron_3501\/pdp\/notebook_laptop_inspiron_bullseye_bk%20intel_pdp_mod_08.jpg?fmt=jpg&amp;wid=971&amp;hei=579\" alt=\"Dimensiones y peso\" border=\"0\" data-original=\"\/\/i.dell.com\/is\/image\/DellContent\/\/content\/dam\/global-site-design\/product_images\/dell_client_products\/notebooks\/inspiron_notebooks\/inspiron_3501\/pdp\/notebook_laptop_inspiron_bullseye_bk%20intel_pdp_mod_08.jpg?fmt=jpg&amp;wid=971&amp;hei=579\" \/><\/p>\n<div class=\"oneImageHeadline\">Dimensiones y peso<\/div>\n<div class=\"oneImageBody\">1. Altura: 18,0 mm \u2013 19,9 mm (0,71 \u201c- 0,78\u201d) |\u00a02. Ancho: 363,96 mm (14,33 \u201c) | 3. Profundidad: 249 mm (9,80\u201d) |\u00a0Peso inicial: 1,83 kg (4,04 libras)<\/div>\n<\/div>\n<\/div>\n<\/div>\n<div class=\"anchored_clearFloats\"><\/div>\n<div class=\"anchoredContentContainer clrFix anchoredContent_textonly anchorMenu\">\n<div class=\"textOnlyContainer\">\n<div class=\"textOnlyContainerHeadline\">Dise\u00f1o inspirado en ti<\/div>\n<div class=\"textOnly\">\n<div class=\"textOnlyBody\">Cada Inspiron est\u00e1 cuidadosamente dise\u00f1ado para garantizar un rendimiento confiable durante a\u00f1os de uso regular.\u00a0Hemos probado rigurosamente nuestros sistemas para mejorar su experiencia.<\/div>\n<\/div>\n<\/div>\n<\/div>\n<div class=\"anchored_clearFloats\"><\/div>\n<div class=\"anchoredContentContainer clrFix anchoredContent_3imageup anchorMenu\">\n<div class=\"threeImageUpContainer\">\n<div class=\"threeImageContainerHeadline\"><\/div>\n<div class=\"textOnlyBody\"><\/div>\n<div class=\"threeImageUp\">\n<p><img title=\"Calor y frio\" src=\"https:\/\/i.dell.com\/is\/image\/DellContent\/\/content\/dam\/global-site-design\/product_images\/dell_client_products\/notebooks\/inspiron_notebooks\/17_3785\/pdp\/notebook-inspiron-17-3785-na-amd-pdp-7a.jpg?fmt=jpg&amp;wid=280&amp;hei=250&amp;fit=constrain%2c1&amp;qlt=85\" alt=\"Calor y frio\" \/><\/p>\n<div class=\"threeImageHeadline\">Calor y frio<\/div>\n<div class=\"threeImageBody\">Incluso despu\u00e9s de la exposici\u00f3n a temperaturas desde -40 \u00b0 C \/ \u00b0 F hasta 65 \u00b0 C \/ 149 \u00b0 F, Inspiron sigue funcionando.<\/div>\n<\/div>\n<div class=\"threeImageUp\">\n<p><img title=\"Llaves y bisagras\" src=\"https:\/\/i.dell.com\/is\/image\/DellContent\/\/content\/dam\/global-site-design\/product_images\/dell_client_products\/notebooks\/inspiron_notebooks\/17_3785\/pdp\/notebook-inspiron-17-3785-na-amd-pdp-7b.jpg?fmt=jpg&amp;wid=280&amp;hei=250&amp;fit=constrain%2c1&amp;qlt=85\" alt=\"Llaves y bisagras\" \/><\/p>\n<div class=\"threeImageHeadline\">Llaves y bisagras<\/div>\n<div class=\"threeImageBody\">Nuestros botones de encendido se prueban para 40.000 pulsaciones y las teclas de nuestro teclado para 5 millones de clics sin fallas.\u00a0Abierto, cerrado o retorcido: la base y la tapa de Inspiron se han probado decenas de miles de veces.<\/div>\n<\/div>\n<div class=\"threeImageUp\">\n<p><img title=\"Internos\" src=\"https:\/\/i.dell.com\/is\/image\/DellContent\/\/content\/dam\/global-site-design\/product_images\/dell_client_products\/notebooks\/inspiron_notebooks\/17_3785\/pdp\/notebook-inspiron-17-3785-na-amd-pdp-7c.jpg?fmt=jpg&amp;wid=280\" alt=\"Internos\" \/><\/p>\n<div class=\"threeImageHeadline\">Internos<\/div>\n<div class=\"threeImageBody\">Probamos conectores internos en componentes desde USB a CA y bater\u00edas docenas de veces para garantizar un rendimiento duradero y un reemplazo f\u00e1cil.<\/div>\n<\/div>\n<\/div>\n<\/div>\n","protected":false},"excerpt":{"rendered":"<p>Dell Inspiron 3501<\/p>\n<ul>\n<li>11th Generation Intel\u00ae Core\u2122 i3-1115G4<\/li>\n<li>Processor (6MB Cache, up to 4.1 GHz)<\/li>\n<li>8GB<\/li>\n<li>\u00a0Hibrido SSD 256 + 1 Tera Hdd<\/li>\n<li>Windows 11 Home<\/li>\n<li>NO Unidad de DVD 8DVDRW<\/li>\n<li>SPN;USB 3.1 Gen 1 (x2), USB2.0 (x1)<\/li>\n<li>Pantalla 15.6-inch HD (1366 x 768) Anti-glare LED-Backlit<\/li>\n<li>Non-touch Narrow Border Display<\/li>\n<li>1 a\u00f1o de Hardware Service with Onsite<b><img loading=\"lazy\" class=\"aligncenter wp-image-10280\" src=\"https:\/\/hekalsoluciones.com\/hekalsoluciones\/wp-content\/uploads\/2024\/06\/ENVIO-GRATIS.png\" alt=\"\" width=\"535\" height=\"209\" srcset=\"https:\/\/hekalsoluciones.com\/hekalsoluciones\/wp-content\/uploads\/2024\/06\/ENVIO-GRATIS.png 1280w, https:\/\/hekalsoluciones.com\/hekalsoluciones\/wp-content\/uploads\/2024\/06\/ENVIO-GRATIS-300x117.png 300w, https:\/\/hekalsoluciones.com\/hekalsoluciones\/wp-content\/uploads\/2024\/06\/ENVIO-GRATIS-1024x400.png 1024w, https:\/\/hekalsoluciones.com\/hekalsoluciones\/wp-content\/uploads\/2024\/06\/ENVIO-GRATIS-768x300.png 768w\" sizes=\"(max-width: 535px) 100vw, 535px\" \/><\/b><\/li>\n<\/ul>\n","protected":false},"featured_media":8040,"comment_status":"open","ping_status":"closed","template":"","meta":{"_monsterinsights_skip_tracking":false,"_monsterinsights_sitenote_active":false,"_monsterinsights_sitenote_note":"","_monsterinsights_sitenote_category":0},"aioseo_notices":[],"_links":{"self":[{"href":"https:\/\/hekalsoluciones.com\/hekalsoluciones\/wp-json\/wp\/v2\/product\/8036"}],"collection":[{"href":"https:\/\/hekalsoluciones.com\/hekalsoluciones\/wp-json\/wp\/v2\/product"}],"about":[{"href":"https:\/\/hekalsoluciones.com\/hekalsoluciones\/wp-json\/wp\/v2\/types\/product"}],"replies":[{"embeddable":true,"href":"https:\/\/hekalsoluciones.com\/hekalsoluciones\/wp-json\/wp\/v2\/comments?post=8036"}],"wp:featuredmedia":[{"embeddable":true,"href":"https:\/\/hekalsoluciones.com\/hekalsoluciones\/wp-json\/wp\/v2\/media\/8040"}],"wp:attachment":[{"href":"https:\/\/hekalsoluciones.com\/hekalsoluciones\/wp-json\/wp\/v2\/media?parent=8036"}],"curies":[{"name":"wp","href":"https:\/\/api.w.org\/{rel}","templated":true}]}}