{"id":8314,"date":"2022-03-09T19:47:58","date_gmt":"2022-03-09T19:47:58","guid":{"rendered":"https:\/\/hekalsoluciones.com\/hekalsoluciones\/?post_type=product&#038;p=8314"},"modified":"2026-04-28T21:26:30","modified_gmt":"2026-04-28T21:26:30","slug":"portatil-dell-vostro-3405-amd-ryzen-5-3450u","status":"publish","type":"product","link":"https:\/\/hekalsoluciones.com\/hekalsoluciones\/producto\/portatil-dell-vostro-3405-amd-ryzen-5-3450u\/","title":{"rendered":"Portatil Dell Vostro 3405 AMD Ryzen\u2122 5 3450U"},"content":{"rendered":"<div class=\"anchoredContentContainer clrFix anchoredContent_1imageup anchorMenu\">\n<div class=\"oneImageUpContainer\">\n<div class=\"oneImageUp\">\n<div class=\"oneImageHeadline\">Sistema operativo<\/div>\n<div class=\"oneImageBody\"><strong>Disponible con Linux<\/strong><\/div>\n<\/div>\n<\/div>\n<\/div>\n<div class=\"anchored_clearFloats\"><\/div>\n<div class=\"anchoredContentContainer clrFix anchoredContent_1imageup anchorMenu\">\n<div class=\"oneImageUpContainer\">\n<div class=\"oneImageUp\">\n<p><img id=\"\" class=\"lazy\" title=\"Experimente una productividad sin interrupciones\" src=\"https:\/\/i.dell.com\/is\/image\/DellContent\/\/content\/dam\/global-site-design\/product_images\/dell_client_products\/notebooks\/vostro_notebooks\/14_3405\/pdp\/vostro-14-3405-pdp-mod1-bk.jpg?fmt=jpg&amp;wid=965&amp;hei=504\" alt=\"Experimente una productividad sin interrupciones\" border=\"0\" data-original=\"\/\/i.dell.com\/is\/image\/DellContent\/\/content\/dam\/global-site-design\/product_images\/dell_client_products\/notebooks\/vostro_notebooks\/14_3405\/pdp\/vostro-14-3405-pdp-mod1-bk.jpg?fmt=jpg&amp;wid=965&amp;hei=504\" \/><\/p>\n<div class=\"oneImageHeadline\">Experimente una productividad sin interrupciones<\/div>\n<div class=\"oneImageBody\">\n<p><strong>Pantalla amplificada:<\/strong>\u00a0un panel FHD brillante (opcionalmente hasta 220 nits) ofrece m\u00e1s brillo y colores intensos para una experiencia mejorada frente a la pantalla y un borde estrecho de dos lados enfatiza su pantalla y, al mismo tiempo, ayuda a minimizar las distracciones.<\/p>\n<p><strong>ExpressCharge\u2122:<\/strong>\u00a0lleve el nivel de carga de la bater\u00eda de 0\u00a0% a 80\u00a0% en una hora<a class=\"technote microcontent\" href=\"https:\/\/www.dell.com\/mc.ashx?id=technotes:vostro-14-3405-laptop-technote1&amp;c=co&amp;l=es&amp;s=bsd&amp;modalwidth=400&amp;modalHeight=150&amp;ovropac=0&amp;modalscroll=yes&amp;modaltarget=div&amp;modaltype=tooltip&amp;position=bottom&amp;title=Detalles%20importantes&amp;flip=false&amp;eventType=rollover\" rel=\"technotes:vostro-14-3405-laptop-technote1\" name=\"modalPopup\"><sup>3<\/sup><\/a>, de modo que no est\u00e9 atado a una toma de corriente mientras est\u00e1 de viaje.<\/p>\n<p><strong>Dell Mobile Connect:<\/strong>\u00a0experimente una integraci\u00f3n inal\u00e1mbrica sin inconvenientes entre su laptop y su tel\u00e9fono inteligente Android o iOS. Dell Mobile Connect le permite acceder a m\u00faltiples dispositivos y aplicaciones sin dividir su atenci\u00f3n.<a class=\"technote microcontent\" href=\"https:\/\/www.dell.com\/mc.ashx?id=technotes:vostro-14-3405-laptop-technote2&amp;c=co&amp;l=es&amp;s=bsd&amp;modalwidth=400&amp;modalHeight=150&amp;ovropac=0&amp;modalscroll=yes&amp;modaltarget=div&amp;modaltype=tooltip&amp;position=bottom&amp;title=Detalles%20importantes&amp;flip=false&amp;eventType=rollover\" rel=\"technotes:vostro-14-3405-laptop-technote2\" name=\"modalPopup\"><sup>4<\/sup><\/a><\/p>\n<p><strong>Procesamiento potente:<\/strong>\u00a0aborde su d\u00eda de trabajo con la potencia de los \u00faltimos procesadores AMD<sup>\u00ae<\/sup>\u00a0.<\/p>\n<p><strong>Archivos a su alcance:<\/strong>\u00a0almacene todos sus documentos importantes para obtener un f\u00e1cil acceso con un disco duro de hasta 2\u00a0TB o una SSD de 512\u00a0GB.<\/p>\n<\/div>\n<\/div>\n<\/div>\n<\/div>\n<div class=\"anchored_clearFloats\"><\/div>\n<div class=\"anchoredContentContainer clrFix anchoredContent_1imageup anchorMenu\">\n<div class=\"oneImageUpContainer\">\n<div class=\"oneImageUp\">\n<p><img id=\"\" class=\"lazy\" title=\"Dise\u00f1o en el que puede confiar\" src=\"https:\/\/i.dell.com\/is\/image\/DellContent\/\/content\/dam\/global-site-design\/product_images\/dell_client_products\/notebooks\/vostro_notebooks\/14_3405\/pdp\/vostro-14-3405-pdp-mod2-bk.jpg?fmt=jpg&amp;wid=965&amp;hei=420\" alt=\"Dise\u00f1o en el que puede confiar\" border=\"0\" data-original=\"\/\/i.dell.com\/is\/image\/DellContent\/\/content\/dam\/global-site-design\/product_images\/dell_client_products\/notebooks\/vostro_notebooks\/14_3405\/pdp\/vostro-14-3405-pdp-mod2-bk.jpg?fmt=jpg&amp;wid=965&amp;hei=420\" \/><\/p>\n<div class=\"oneImageHeadline\">Dise\u00f1o en el que puede confiar<\/div>\n<div class=\"oneImageBody\">\n<p><strong>Viaje ligero:<\/strong>\u00a0con un peso inicial de 1,59\u00a0kg y menos de 20\u00a0mm de espesor, la nueva y mejorada Vostro\u00a014\u00a03000 est\u00e1 lista para usarse donde quiera que est\u00e9.<\/p>\n<p><strong>Puertos en abundancia:<\/strong>\u00a0su laptop est\u00e1 equipada con un arreglo de puertos y un lector de tarjetas SD para mantenerlo conectado a lo que m\u00e1s importa.<\/p>\n<p><strong>Enci\u00e9ndalo:<\/strong>\u00a0un teclado iluminado opcional significa que puede seguir trabajando sin importar las condiciones de iluminaci\u00f3n.<\/p>\n<p><strong>Colores sofisticados:<\/strong>\u00a0un arreglo de colores v\u00edvidos hacen que la Vostro\u00a014\u00a03000 sea visualmente sorprendente y ofrezca un dise\u00f1o de elegancia y profesionalidad. Las opciones de color var\u00edan seg\u00fan la regi\u00f3n.<\/p>\n<\/div>\n<\/div>\n<\/div>\n<\/div>\n<div class=\"anchored_clearFloats\"><\/div>\n<div class=\"anchoredContentContainer clrFix anchoredContent_textleftimageright anchorMenu\">\n<div class=\"textleftimageright_Container clrFix\">\n<div class=\"textleftimageright_MainImg\">\n<div class=\"leftRightMainImg\"><img class=\"lazy\" title=\"Gran seguridad\" src=\"https:\/\/i.dell.com\/is\/image\/DellContent\/\/content\/dam\/global-site-design\/product_images\/dell_client_products\/notebooks\/vostro_notebooks\/14_3405\/pdp\/vostro-14-3405-pdp-mod3-nofpr-bk.jpg?fmt=jpg&amp;wid=390&amp;hei=309\" alt=\"Gran seguridad\" border=\"0\" data-original=\"\/\/i.dell.com\/is\/image\/DellContent\/\/content\/dam\/global-site-design\/product_images\/dell_client_products\/notebooks\/vostro_notebooks\/14_3405\/pdp\/vostro-14-3405-pdp-mod3-nofpr-bk.jpg?fmt=jpg&amp;wid=390&amp;hei=309\" \/><\/div>\n<\/div>\n<div class=\"textleftimageright_MainBody\">\n<div class=\"leftRight_MainHead\">Gran seguridad<\/div>\n<div class=\"leftRight_MainCopy\"><strong>Simple y segura<\/strong>. El lector de huellas digitales opcional con Windows Hello le permite iniciar sesi\u00f3n de forma f\u00e1cil y segura con solo un toque.<\/div>\n<\/div>\n<\/div>\n<\/div>\n<div class=\"anchored_clearFloats\"><\/div>\n<div class=\"anchoredContentContainer clrFix anchoredContent_1imageup anchorMenu\">\n<div class=\"oneImageUpContainer\">\n<div class=\"oneImageUp\">\n<p><img id=\"\" class=\"lazy\" title=\"Puertos y ranuras\" src=\"https:\/\/i.dell.com\/is\/image\/DellContent\/\/content\/dam\/global-site-design\/product_images\/dell_client_products\/notebooks\/vostro_notebooks\/14_3405\/pdp\/vostro-14-3405-pdp-mod4-bk.jpg?fmt=jpg&amp;wid=965&amp;hei=600\" alt=\"Puertos y ranuras\" border=\"0\" data-original=\"\/\/i.dell.com\/is\/image\/DellContent\/\/content\/dam\/global-site-design\/product_images\/dell_client_products\/notebooks\/vostro_notebooks\/14_3405\/pdp\/vostro-14-3405-pdp-mod4-bk.jpg?fmt=jpg&amp;wid=965&amp;hei=600\" \/><\/p>\n<div class=\"oneImageHeadline\">Puertos y ranuras<\/div>\n<div class=\"oneImageBody\">1.\u00a0Ranura de tarjeta MicroSD (SD, SDHC, SDXC) | 2. Puerto USB 2.0 | 3. Ranura de bloqueo en forma de cu\u00f1a | 4. Puerto de entrada de CC | 5. Puerto HDMI\u00a01.4 | 6. Ethernet RJ-45 | 7. Puerto\u00a0USB\u00a03.2 Type A de 1.\u00aa generaci\u00f3n\u00a0| 8. Puerto\u00a0USB\u00a03.2 Type A de 1.\u00aa generaci\u00f3n\u00a0| 9. Conector de audio universal<\/div>\n<\/div>\n<\/div>\n<\/div>\n<div class=\"anchored_clearFloats\"><\/div>\n<div class=\"anchoredContentContainer clrFix anchoredContent_1imageup anchorMenu\">\n<div class=\"oneImageUpContainer\">\n<div class=\"oneImageUp\">\n<p><img id=\"\" class=\"lazy\" title=\"Dimensiones y peso\" src=\"https:\/\/i.dell.com\/is\/image\/DellContent\/\/content\/dam\/global-site-design\/product_images\/dell_client_products\/notebooks\/vostro_notebooks\/14_3405\/pdp\/vostro-14-3405-pdp-mod5-bk.jpg?fmt=jpg&amp;wid=965&amp;hei=575\" alt=\"Dimensiones y peso\" border=\"0\" data-original=\"\/\/i.dell.com\/is\/image\/DellContent\/\/content\/dam\/global-site-design\/product_images\/dell_client_products\/notebooks\/vostro_notebooks\/14_3405\/pdp\/vostro-14-3405-pdp-mod5-bk.jpg?fmt=jpg&amp;wid=965&amp;hei=575\" \/><\/p>\n<div class=\"oneImageHeadline\">Dimensiones y peso<\/div>\n<div class=\"oneImageBody\">1. Altura: 19,90\u00a0mm (0,78&#8243;) | 2. Ancho: 328,70\u00a0mm (12,94&#8243;) | 3. Profundidad: 239,50\u00a0mm (9,42&#8243;) | Peso inicial: 1,59 kg (3,51 lb)<a class=\"technote microcontent\" href=\"https:\/\/www.dell.com\/mc.ashx?id=technotes:weights-vary&amp;c=co&amp;l=es&amp;s=bsd&amp;modalwidth=400&amp;modalHeight=150&amp;ovropac=0&amp;modalscroll=yes&amp;modaltarget=div&amp;modaltype=tooltip&amp;position=bottom&amp;title=Detalles%20importantes&amp;flip=false&amp;eventType=rollover\" rel=\"technotes:weights-vary\" name=\"modalPopup\"><sup>2<\/sup><\/a><\/div>\n<\/div>\n<\/div>\n<\/div>\n","protected":false},"excerpt":{"rendered":"<ul>\n<li>Procesador AMD Ryzen\u2122\ufe0f 5 3450U (Quad Core 2,1 GHz, up to 3.5 GHz)<\/li>\n<li>Gr\u00e1ficos integrados Radeon\u2122\ufe0f Vega 8 Graphics<\/li>\n<li>Memoria RAM 8GB, 1x8GB, DDR4, 2400MHz<\/li>\n<li>Disco s\u00f3lido SSD 256GB CL35 M.2<\/li>\n<li>Pantalla 14\u2033 pulgadas HD (1366\u00d7768) antirreflejo LED-Backlit<\/li>\n<li>Sistema Operativo Linux<\/li>\n<li>Garant\u00eda de 1 a\u00f1o<b><img loading=\"lazy\" class=\"aligncenter wp-image-10280\" src=\"https:\/\/hekalsoluciones.com\/hekalsoluciones\/wp-content\/uploads\/2024\/06\/ENVIO-GRATIS.png\" alt=\"\" width=\"535\" height=\"209\" srcset=\"https:\/\/hekalsoluciones.com\/hekalsoluciones\/wp-content\/uploads\/2024\/06\/ENVIO-GRATIS.png 1280w, https:\/\/hekalsoluciones.com\/hekalsoluciones\/wp-content\/uploads\/2024\/06\/ENVIO-GRATIS-300x117.png 300w, https:\/\/hekalsoluciones.com\/hekalsoluciones\/wp-content\/uploads\/2024\/06\/ENVIO-GRATIS-1024x400.png 1024w, https:\/\/hekalsoluciones.com\/hekalsoluciones\/wp-content\/uploads\/2024\/06\/ENVIO-GRATIS-768x300.png 768w\" sizes=\"(max-width: 535px) 100vw, 535px\" \/><\/b><\/li>\n<\/ul>\n","protected":false},"featured_media":8286,"comment_status":"open","ping_status":"closed","template":"","meta":{"_monsterinsights_skip_tracking":false,"_monsterinsights_sitenote_active":false,"_monsterinsights_sitenote_note":"","_monsterinsights_sitenote_category":0},"aioseo_notices":[],"_links":{"self":[{"href":"https:\/\/hekalsoluciones.com\/hekalsoluciones\/wp-json\/wp\/v2\/product\/8314"}],"collection":[{"href":"https:\/\/hekalsoluciones.com\/hekalsoluciones\/wp-json\/wp\/v2\/product"}],"about":[{"href":"https:\/\/hekalsoluciones.com\/hekalsoluciones\/wp-json\/wp\/v2\/types\/product"}],"replies":[{"embeddable":true,"href":"https:\/\/hekalsoluciones.com\/hekalsoluciones\/wp-json\/wp\/v2\/comments?post=8314"}],"wp:featuredmedia":[{"embeddable":true,"href":"https:\/\/hekalsoluciones.com\/hekalsoluciones\/wp-json\/wp\/v2\/media\/8286"}],"wp:attachment":[{"href":"https:\/\/hekalsoluciones.com\/hekalsoluciones\/wp-json\/wp\/v2\/media?parent=8314"}],"curies":[{"name":"wp","href":"https:\/\/api.w.org\/{rel}","templated":true}]}}