{"id":8341,"date":"2022-05-10T17:24:02","date_gmt":"2022-05-10T17:24:02","guid":{"rendered":"https:\/\/hekalsoluciones.com\/hekalsoluciones\/?post_type=product&#038;p=8341"},"modified":"2024-10-09T22:08:49","modified_gmt":"2024-10-09T22:08:49","slug":"laptop-dell-vostro-5410-core-i7-11370h-14","status":"publish","type":"product","link":"https:\/\/hekalsoluciones.com\/hekalsoluciones\/producto\/laptop-dell-vostro-5410-core-i7-11370h-14\/","title":{"rendered":"Laptop Dell Vostro 5410 Core i7 11370H 14&#8243;"},"content":{"rendered":"<div class=\"anchorZoneHeader\">\n<div class=\"anchorZoneTitle anchorZoneTitleBorder\">\n<h3>Caracter\u00edsticas y dise\u00f1o<\/h3>\n<\/div>\n<\/div>\n<div class=\"anchorZoneContent\">\n<div class=\"anchoredContentContainer clrFix anchoredContent_textonly anchorMenu\">\n<div class=\"textOnlyContainer\">\n<div class=\"textOnlyContainerHeadline\"><\/div>\n<div class=\"textOnly\">\n<div class=\"textOnlyBody\"><\/div>\n<\/div>\n<\/div>\n<\/div>\n<div class=\"anchored_clearFloats\"><\/div>\n<div class=\"anchoredContentContainer clrFix anchoredContent_textonly anchorMenu\">\n<div class=\"textOnlyContainer\">\n<div class=\"textOnlyContainerHeadline\">Sistema operativo<\/div>\n<div class=\"textOnly\">\n<div class=\"textOnlyBody\"><strong>Disponible con Windows 10 Pro<\/strong>:\u00a0le permite enfocarse en administrar la empresa en lugar de la TI.<\/div>\n<\/div>\n<\/div>\n<\/div>\n<div class=\"anchored_clearFloats\"><\/div>\n<div class=\"anchoredContentContainer clrFix anchoredContent_1imageup anchorMenu\">\n<div class=\"oneImageUpContainer\">\n<div class=\"oneImageUp\">\n<p><img id=\"\" class=\"lazy\" title=\"Vostro significa empresa\" src=\"https:\/\/i.dell.com\/is\/image\/DellContent\/\/content\/dam\/global-site-design\/product_images\/dell_client_products\/notebooks\/vostro_notebooks\/14_5410_non-touch\/pdp\/laptop-vostro-5410-pdp-mod-1-gy.jpg?fmt=jpg&amp;wid=965&amp;hei=406\" alt=\"Vostro significa empresa\" border=\"0\" data-original=\"\/\/i.dell.com\/is\/image\/DellContent\/\/content\/dam\/global-site-design\/product_images\/dell_client_products\/notebooks\/vostro_notebooks\/14_5410_non-touch\/pdp\/laptop-vostro-5410-pdp-mod-1-gy.jpg?fmt=jpg&amp;wid=965&amp;hei=406\" \/><\/p>\n<div class=\"oneImageHeadline\">Vostro significa empresa<\/div>\n<div class=\"oneImageBody\">\n<p><strong>Trabaje con estilo:<\/strong>\u00a0con un peso inicial de 3,17 lb (1,44\u00a0kg)<a class=\"technote microcontent\" href=\"https:\/\/www.dell.com\/mc.ashx?id=technotes:weights-vary&amp;c=co&amp;l=es&amp;s=bsd&amp;modalwidth=400&amp;modalHeight=150&amp;ovropac=0&amp;modalscroll=yes&amp;modaltarget=div&amp;modaltype=tooltip&amp;position=bottom&amp;title=Detalles%20importantes&amp;flip=false&amp;eventType=rollover\" rel=\"technotes:weights-vary\" name=\"modalPopup\"><sup>3<\/sup><\/a>, un elegante acabado de aluminio le brinda a la Vostro 5410 un aspecto profesional, por lo que causar\u00e1 una buena impresi\u00f3n independientemente de donde lo lleve su trabajo.<\/p>\n<p><strong>Ideal para las multitareas:<\/strong>\u00a0aborde su d\u00eda de trabajo con la potencia de los procesadores Intel<sup>\u00ae<\/sup>\u00a0Core\u2122 de hasta 11. \u00aa generaci\u00f3n y disfrute de im\u00e1genes m\u00e1s n\u00edtidas en PowerPoint y edici\u00f3n de video gracias a los gr\u00e1ficos opcionales NVIDIA<sup>\u00ae<\/sup>\u00a0GeForce<sup>\u00ae<\/sup>\u00a0MX450 con 2\u00a0GB de GDDR5 vRAM.<\/p>\n<p><strong>Dise\u00f1ada para durar:<\/strong>\u00a0los negocios pueden ser impredecibles, por eso, la Vostro 5410 ofrece un dise\u00f1o confiable que aprob\u00f3 15 pruebas de nivel militar diferentes para garantizar que su laptop pueda resistir mejor las condiciones reales*.<a class=\"technote microcontent\" href=\"https:\/\/www.dell.com\/mc.ashx?id=technotes:based-on-testing&amp;c=co&amp;l=es&amp;s=bsd&amp;modalwidth=400&amp;modalHeight=150&amp;ovropac=0&amp;modalscroll=yes&amp;modaltarget=div&amp;modaltype=tooltip&amp;position=bottom&amp;title=Detalles%20importantes&amp;flip=false&amp;eventType=rollover\" rel=\"technotes:based-on-testing\" name=\"modalPopup\"><sup>4<\/sup><\/a><\/p>\n<p><strong>El tama\u00f1o es clave:<\/strong>\u00a0el teclado resistente a derrames con teclas m\u00e1s grandes brinda a los usuarios comodidad de escritura para mantener la productividad.<\/p>\n<p><strong>F\u00e1cil de actualizar:<\/strong>\u00a0si su trabajo lo requiere, la Vostro 5410 ofrece opciones de capacidad de expansi\u00f3n para que pueda actualizar la RAM y obtener un rendimiento m\u00e1s r\u00e1pido.<\/p>\n<\/div>\n<\/div>\n<\/div>\n<\/div>\n<div class=\"anchored_clearFloats\"><\/div>\n<div class=\"anchoredContentContainer clrFix anchoredContent_textleftimageright anchorMenu\">\n<div class=\"textleftimageright_Container clrFix\">\n<div class=\"textleftimageright_MainImg\">\n<div class=\"leftRightMainImg\"><img class=\"lazy\" title=\"Optimizado para su flujo de trabajo\" src=\"https:\/\/i.dell.com\/is\/image\/DellContent\/\/content\/dam\/global-site-design\/product_images\/dell_client_products\/notebooks\/vostro_notebooks\/14_5410_non-touch\/pdp\/laptop-vostro-5410-pdp-mod-2-gy.jpg?fmt=jpg&amp;wid=390&amp;hei=309\" alt=\"Optimizado para su flujo de trabajo\" border=\"0\" data-original=\"\/\/i.dell.com\/is\/image\/DellContent\/\/content\/dam\/global-site-design\/product_images\/dell_client_products\/notebooks\/vostro_notebooks\/14_5410_non-touch\/pdp\/laptop-vostro-5410-pdp-mod-2-gy.jpg?fmt=jpg&amp;wid=390&amp;hei=309\" \/><\/div>\n<\/div>\n<div class=\"textleftimageright_MainBody\">\n<div class=\"leftRight_MainHead\">Optimizado para su flujo de trabajo<\/div>\n<div class=\"leftRight_MainCopy\">\n<p><strong>Mantiene el dise\u00f1o:<\/strong>\u00a0un sistema t\u00e9rmico redise\u00f1ado da rienda suelta a la potencia de su dispositivo y, al mismo tiempo, conserva el dise\u00f1o delgado. Los conductos de calor dobles alejan el calor de la CPU y la GPU, m\u00e1s paletas de ventiladores mueven una mayor cantidad de aire, y una bisagra abatible permite que el aire circule por debajo de su laptop.<\/p>\n<p><strong>Paz y tranquilidad:<\/strong>\u00a0con un sistema de rodamiento din\u00e1mico fluido, el ventilador de su laptop no solo es duradero, sino que tambi\u00e9n se ejecuta silenciosamente y mantiene el rendimiento del dispositivo en su m\u00e1xima expresi\u00f3n.<\/p>\n<p><strong>Bordes estrechos:<\/strong>\u00a0minimice las distracciones y realice m\u00e1s tareas con un borde de bisel estrecho en los cuatro lados que maximiza el \u00e1rea de superficie de la pantalla de 14\u00a0pulgadas para que pueda enfocarse mejor en el trabajo que est\u00e1 delante.<\/p>\n<p><strong>Carga:<\/strong>\u00a0cargue su dispositivo hasta un 80 % en una hora con ExpressCharge\u2122<a class=\"technote microcontent\" href=\"https:\/\/www.dell.com\/mc.ashx?id=technotes:vostro-15-5510-laptop-express-charge&amp;c=co&amp;l=es&amp;s=bsd&amp;modalwidth=400&amp;modalHeight=150&amp;ovropac=0&amp;modalscroll=yes&amp;modaltarget=div&amp;modaltype=tooltip&amp;position=bottom&amp;title=Detalles%20importantes&amp;flip=false&amp;eventType=rollover\" rel=\"technotes:vostro-15-5510-laptop-express-charge\" name=\"modalPopup\"><sup>5<\/sup><\/a>\u00a0para un rendimiento de bater\u00eda sin preocupaciones que no lo mantendr\u00e1 atado a una toma de corriente.<\/p>\n<\/div>\n<\/div>\n<\/div>\n<\/div>\n<div class=\"anchored_clearFloats\"><\/div>\n<div class=\"anchoredContentContainer clrFix anchoredContent_1imageup anchorMenu\">\n<div class=\"oneImageUpContainer\">\n<div class=\"oneImageUp\">\n<p><img id=\"\" class=\"lazy aligncenter\" title=\"Seguridad superior\" src=\"https:\/\/i.dell.com\/is\/image\/DellContent\/\/content\/dam\/global-site-design\/product_images\/dell_client_products\/notebooks\/vostro_notebooks\/14_5410_non-touch\/pdp\/laptop-vostro-5410-pdp-mod-3-gy.jpg?fmt=jpg&amp;wid=965&amp;hei=560\" alt=\"Seguridad superior\" border=\"0\" data-original=\"\/\/i.dell.com\/is\/image\/DellContent\/\/content\/dam\/global-site-design\/product_images\/dell_client_products\/notebooks\/vostro_notebooks\/14_5410_non-touch\/pdp\/laptop-vostro-5410-pdp-mod-3-gy.jpg?fmt=jpg&amp;wid=965&amp;hei=560\" \/><\/p>\n<div class=\"oneImageHeadline\">Seguridad superior<\/div>\n<div class=\"oneImageBody\">\n<p><strong>Priorizar la privacidad:<\/strong>\u00a0el obturador de privacidad garantiza que nadie pueda verlo mientras la c\u00e1mara web HD no est\u00e1 en uso, por lo que est\u00e1 protegido contra las situaciones vergonzosas accidentales.<\/p>\n<p><strong>TPM\u00a02.0:<\/strong>\u00a0Trusted\u00a0Platform\u00a0Module\u00a02.0 es un chip de seguridad de calidad comercial, instalado en la placa base, que crea y almacena contrase\u00f1as y claves de cifrado. Verifica que la computadora no haya sido manipulada antes de arrancar y protege sus datos contra ataques de software externos.<\/p>\n<p><strong>Simple y seguro:<\/strong>\u00a0el lector de huellas digitales con Windows\u00a0Hello le permite iniciar sesi\u00f3n de forma f\u00e1cil y segura con solo un toque.<\/p>\n<\/div>\n<\/div>\n<\/div>\n<\/div>\n<div class=\"anchored_clearFloats\"><\/div>\n<div class=\"anchoredContentContainer clrFix anchoredContent_textleftimageright anchorMenu\">\n<div class=\"textleftimageright_Container clrFix\">\n<div class=\"textleftimageright_MainImg\">\n<div class=\"leftRightMainImg\"><img class=\"lazy\" title=\"Una mejor manera de hacer videoconferencias\" src=\"https:\/\/i.dell.com\/is\/image\/DellContent\/\/content\/dam\/global-site-design\/product_images\/dell_client_products\/notebooks\/vostro_notebooks\/14_5410_non-touch\/pdp\/laptop-vostro-5410-pdp-mod-4-gy.jpg?fmt=jpg&amp;wid=390&amp;hei=412\" alt=\"Una mejor manera de hacer videoconferencias\" border=\"0\" data-original=\"\/\/i.dell.com\/is\/image\/DellContent\/\/content\/dam\/global-site-design\/product_images\/dell_client_products\/notebooks\/vostro_notebooks\/14_5410_non-touch\/pdp\/laptop-vostro-5410-pdp-mod-4-gy.jpg?fmt=jpg&amp;wid=390&amp;hei=412\" \/><\/div>\n<\/div>\n<div class=\"textleftimageright_MainBody\">\n<div class=\"leftRight_MainHead\">Una mejor manera de hacer videoconferencias<\/div>\n<div class=\"leftRight_MainCopy\">\n<p><strong>C\u00e1mara de gran nitidez:<\/strong>\u00a0la c\u00e1mara HD de 2,7\u00a0mm de alta calidad le permite conversar cara a cara con detalles v\u00edvidos y, al mismo tiempo, garantizar que toda la imagen est\u00e9 en un enfoque preciso.<\/p>\n<p><strong>Calidad m\u00e1s clara:<\/strong>\u00a0el software SmartByte garantiza que las aplicaciones de videoconferencia reciban prioridad de ancho de banda de red sobre otras aplicaciones, de manera que todas las llamadas empresariales cuenten con una claridad excepcional.<\/p>\n<\/div>\n<\/div>\n<\/div>\n<\/div>\n<div class=\"anchored_clearFloats\"><\/div>\n<div class=\"anchoredContentContainer clrFix anchoredContent_1imageup anchorMenu\">\n<div class=\"oneImageUpContainer\">\n<div class=\"oneImageUp\">\n<p><img id=\"\" class=\"lazy\" title=\"Puertos y ranuras\" src=\"https:\/\/i.dell.com\/is\/image\/DellContent\/\/content\/dam\/global-site-design\/product_images\/dell_client_products\/notebooks\/vostro_notebooks\/14_5410_non-touch\/pdp\/laptop-vostro-5410-pdp-mod-6-gy.jpg?fmt=jpg&amp;wid=965&amp;hei=532\" alt=\"Puertos y ranuras\" border=\"0\" data-original=\"\/\/i.dell.com\/is\/image\/DellContent\/\/content\/dam\/global-site-design\/product_images\/dell_client_products\/notebooks\/vostro_notebooks\/14_5410_non-touch\/pdp\/laptop-vostro-5410-pdp-mod-6-gy.jpg?fmt=jpg&amp;wid=965&amp;hei=532\" \/><\/p>\n<div class=\"oneImageHeadline\">Puertos y ranuras<\/div>\n<div class=\"oneImageBody\">1. Lector de tarjetas micro SD | 2. USB 3.2 de primera generaci\u00f3n Type-A | 3. RJ45 | 4. Conector para auriculares<a class=\"technote microcontent\" href=\"https:\/\/www.dell.com\/mc.ashx?id=technotes:headset-jack-model-config&amp;c=co&amp;l=es&amp;s=bsd&amp;modalwidth=400&amp;modalHeight=150&amp;ovropac=0&amp;modalscroll=yes&amp;modaltarget=div&amp;modaltype=tooltip&amp;position=bottom&amp;title=Detalles%20importantes&amp;flip=false&amp;eventType=rollover\" rel=\"technotes:headset-jack-model-config\" name=\"modalPopup\"><sup>2<\/sup><\/a>\u00a0| 5. Candado con forma de cu\u00f1a | 6. Conector de alimentaci\u00f3n | 7. HDMI 1.4 | 8. USB 3.2 de 1.\u00aa generaci\u00f3n Tipo A | 9. USB 3.2 2.\u00aa gen 2&#215;2 Type-C\u2122 (Display Port\/Suminstro de energ\u00eda) (solo procesador i5) O ThunderBolt\u2122 4 (Display Port\/Suministro de energ\u00eda) (procesador i7 solamente)<\/div>\n<\/div>\n<\/div>\n<\/div>\n<div class=\"anchored_clearFloats\"><\/div>\n<div class=\"anchoredContentContainer clrFix anchoredContent_1imageup anchorMenu\">\n<div class=\"oneImageUpContainer\">\n<div class=\"oneImageUp\">\n<p><img id=\"\" class=\"lazy\" title=\"Dimensiones y peso\" src=\"https:\/\/i.dell.com\/is\/image\/DellContent\/\/content\/dam\/global-site-design\/product_images\/dell_client_products\/notebooks\/vostro_notebooks\/14_5410_non-touch\/pdp\/laptop-vostro-5410-pdp-mod-7-gy.jpg?fmt=jpg&amp;wid=965&amp;hei=535\" alt=\"Dimensiones y peso\" border=\"0\" data-original=\"\/\/i.dell.com\/is\/image\/DellContent\/\/content\/dam\/global-site-design\/product_images\/dell_client_products\/notebooks\/vostro_notebooks\/14_5410_non-touch\/pdp\/laptop-vostro-5410-pdp-mod-7-gy.jpg?fmt=jpg&amp;wid=965&amp;hei=535\" \/><\/p>\n<div class=\"oneImageHeadline\">Dimensiones y peso<\/div>\n<div class=\"oneImageBody\">1. Altura: de 17,02 a 17,99\u00a0mm (0,67&#8243; a 0,71&#8243;) | 2. Ancho: 321,27\u00a0mm (12,65&#8243;) | 3. Profundidad: 212,8\u00a0mm (8,38&#8243;) | Peso inicial: 1,44 kg (3,17 lb)<a class=\"technote microcontent\" href=\"https:\/\/www.dell.com\/mc.ashx?id=technotes:weights-vary&amp;c=co&amp;l=es&amp;s=bsd&amp;modalwidth=400&amp;modalHeight=150&amp;ovropac=0&amp;modalscroll=yes&amp;modaltarget=div&amp;modaltype=tooltip&amp;position=bottom&amp;title=Detalles%20importantes&amp;flip=false&amp;eventType=rollover\" rel=\"technotes:weights-vary\" name=\"modalPopup\"><sup>3<\/sup><\/a><\/div>\n<\/div>\n<\/div>\n<\/div>\n<\/div>\n","protected":false},"excerpt":{"rendered":"<ul>\n<li>Intel\u00ae Core\u2122 i7-11370H Processor (12MB Cache, up to 4.8GHz)<\/li>\n<li>14.0-inch FHD (1920 x 1080) Anti-glare LED Backlight<\/li>\n<li>Non-Touch Narrow Border WVA Display<\/li>\n<li>NVIDIA\u00ae GeForce\u00ae MX450 with 2GB GDDR5<\/li>\n<li>512GB CL35 M.2 SSD graphics memory<\/li>\n<li>8GB DDR4 3200MHz<\/li>\n<li>Wi-Fi 6 2&#215;2 (Gig+) and Bluetooth<\/li>\n<li>Windows 10 Pro English, French, Spanish<\/li>\n<li>1 Year Hardware Service With OnSite<b><img loading=\"lazy\" class=\"aligncenter wp-image-10280\" src=\"https:\/\/hekalsoluciones.com\/hekalsoluciones\/wp-content\/uploads\/2024\/06\/ENVIO-GRATIS.png\" alt=\"\" width=\"535\" height=\"209\" srcset=\"https:\/\/hekalsoluciones.com\/hekalsoluciones\/wp-content\/uploads\/2024\/06\/ENVIO-GRATIS.png 1280w, https:\/\/hekalsoluciones.com\/hekalsoluciones\/wp-content\/uploads\/2024\/06\/ENVIO-GRATIS-300x117.png 300w, https:\/\/hekalsoluciones.com\/hekalsoluciones\/wp-content\/uploads\/2024\/06\/ENVIO-GRATIS-1024x400.png 1024w, https:\/\/hekalsoluciones.com\/hekalsoluciones\/wp-content\/uploads\/2024\/06\/ENVIO-GRATIS-768x300.png 768w\" sizes=\"(max-width: 535px) 100vw, 535px\" \/><\/b><\/li>\n<\/ul>\n","protected":false},"featured_media":8342,"comment_status":"open","ping_status":"closed","template":"","meta":{"_monsterinsights_skip_tracking":false,"_monsterinsights_sitenote_active":false,"_monsterinsights_sitenote_note":"","_monsterinsights_sitenote_category":0},"aioseo_notices":[],"_links":{"self":[{"href":"https:\/\/hekalsoluciones.com\/hekalsoluciones\/wp-json\/wp\/v2\/product\/8341"}],"collection":[{"href":"https:\/\/hekalsoluciones.com\/hekalsoluciones\/wp-json\/wp\/v2\/product"}],"about":[{"href":"https:\/\/hekalsoluciones.com\/hekalsoluciones\/wp-json\/wp\/v2\/types\/product"}],"replies":[{"embeddable":true,"href":"https:\/\/hekalsoluciones.com\/hekalsoluciones\/wp-json\/wp\/v2\/comments?post=8341"}],"wp:featuredmedia":[{"embeddable":true,"href":"https:\/\/hekalsoluciones.com\/hekalsoluciones\/wp-json\/wp\/v2\/media\/8342"}],"wp:attachment":[{"href":"https:\/\/hekalsoluciones.com\/hekalsoluciones\/wp-json\/wp\/v2\/media?parent=8341"}],"curies":[{"name":"wp","href":"https:\/\/api.w.org\/{rel}","templated":true}]}}