{"id":8474,"date":"2022-12-12T15:47:32","date_gmt":"2022-12-12T15:47:32","guid":{"rendered":"https:\/\/hekalsoluciones.com\/hekalsoluciones\/?post_type=product&#038;p=8474"},"modified":"2026-04-27T18:03:22","modified_gmt":"2026-04-27T18:03:22","slug":"logitech-920-008673-combo-teclado-mouse-mk540-logitech-inalambrico","status":"publish","type":"product","link":"https:\/\/hekalsoluciones.com\/hekalsoluciones\/producto\/logitech-920-008673-combo-teclado-mouse-mk540-logitech-inalambrico\/","title":{"rendered":"Teclado + Mouse LOGITECH MK540 Inal\u00e1mbrico USB Espa\u00f1ol Negro"},"content":{"rendered":"<p>Compatible Win-Unifying, Antiderrames, Letras No Se Borran. MK540 Advanced es una combinaci\u00f3n inal\u00e1mbrica de teclado y mouse de estilo convencional que ofrece precisi\u00f3n, confort y fiabilidad. El teclado de tama\u00f1o normal posee la distribuci\u00f3n de teclas, forma y tama\u00f1o habituales. Y el mouse contorneado se dise\u00f1\u00f3 para un uso confortable con cualquiera de las dos manos. Combinaci\u00f3n Inal\u00e1mbrica Plug And Play. Conecta el teclado y el mouse con un min\u00fasculo receptor USB Logitech Unifying. Obtendr\u00e1s una conexi\u00f3n inal\u00e1mbrica confiable y cifrada a una distancia de hasta 10 metros. El radio de acci\u00f3n inal\u00e1mbrico depende de las condiciones del entorno y de los dispositivos. sin demoras o interrupciones.<\/p>\n<div class=\"shopcommerce-product-attributes\">\n<h4>Especificaciones<\/h4>\n<ul class=\"product-specs\">\n<li><strong>CONDICI\u00d3N:<\/strong> NUEVO<\/li>\n<li><strong>COLOR:<\/strong> NEGRO<\/li>\n<li><strong>MARCA:<\/strong> LOGITECH<\/li>\n<li><strong>MODELO:<\/strong> Mouse M310 &#8211; teclado K540<\/li>\n<li><strong>FUENTE DEL PRODUCTO:<\/strong> SI<\/li>\n<li><strong>ES KIT:<\/strong> SI<\/li>\n<li><strong>UNIDADES DE DIMENSI\u00d3N:<\/strong> CM<\/li>\n<li><strong>CON USB:<\/strong> SI<\/li>\n<li><strong>ES GAMER:<\/strong> NO<\/li>\n<li><strong>ES INAL\u00c1MBRICO:<\/strong> SI<\/li>\n<li><strong>ES RECARGABLE:<\/strong> SI<\/li>\n<li><strong>RESOLUCI\u00d3N DEL SENSOR DEL MOUSE\u00a0DPI:<\/strong> <em>N\/A<\/em><\/li>\n<li><strong>RESOLUCI\u00d3N DEL SENSOR DEL MOUSE\u00a0PPI:<\/strong> <em>N\/A<\/em><\/li>\n<li><strong>UNIDAD DE PESO:<\/strong> GR<\/li>\n<li><strong>INCLUYE MOUSEPAD:<\/strong> NO<\/li>\n<li><strong>INCLUYE AURICULARES:<\/strong> NO<\/li>\n<li><strong>SKU:<\/strong> 920-008673<\/li>\n<li><strong>NOMBRE O DESCRIPCION:<\/strong> Teclado + Mouse LOGITECH MK540 Inal\u00e1mbrico USB Espa\u00f1ol Negro<\/li>\n<li><strong>EAN:<\/strong> <em>N\/A<\/em><\/li>\n<li><strong>SKU SIMPLE:<\/strong> 920-008673<\/li>\n<li><strong>ANCHURA DEL PAQUETE DE ENV\u00cdO:<\/strong>  457.3 mm \/ 39.2 mm<\/li>\n<li><strong>ALTURA DEL PAQUETE DE ENV\u00cdO:<\/strong> 61.8 mm \/ 193.5 mm<\/li>\n<li><strong>LARGO DEL PAQUETE DE ENV\u00cdO:<\/strong> 61.8 mm \/ 193.5 mm<\/li>\n<li><strong>PESO DEL PAQUETE:<\/strong> 165 gr<\/li>\n<li><strong>CARACTERISTICAS:<\/strong> Compatible Win-Unifying, Antiderrames, Letras No Se Borran. MK540 Advanced es una combinaci\u00f3n inal\u00e1mbrica de teclado y mouse de estilo convencional que ofrece precisi\u00f3n, confort y fiabilidad. El teclado de tama\u00f1o normal posee la distribuci\u00f3n de teclas, forma y tama\u00f1o habituales. Y el mouse contorneado se dise\u00f1\u00f3 para un uso confortable con cualquiera de las dos manos. Combinaci\u00f3n Inal\u00e1mbrica Plug And Play. Conecta el teclado y el mouse con un min\u00fasculo receptor USB Logitech Unifying. Obtendr\u00e1s una conexi\u00f3n inal\u00e1mbrica confiable y cifrada a una distancia de hasta 10 metros. El radio de acci\u00f3n inal\u00e1mbrico depende de las condiciones del entorno y de los dispositivos. sin demoras o interrupciones.<\/li>\n<\/ul>\n<\/div>\n","protected":false},"excerpt":{"rendered":"<div class=\"cmp-accordion__header panel-header\">\n<div class=\"tab-title\">Especificaciones y detalles<\/div>\n<\/div>\n<div class=\"panel-content-wrapper\">\n<div class=\"cmp-accordion__panel cmp-accordion__panel--hidden panel-content \" role=\"region\" data-cmp-hook-accordion=\"panel\" aria-hidden=\"false\" aria-label=\"Especificaciones y detalles\">\n<div class=\"text-aem\">\n<div id=\"item_0\" class=\"body-copy aem-margin-options\">\n<div class=\"content-ctn aem-content-ctn rte-field \">\n<div class=\"aem-padding-options\" data-aem-id=\"buy-mk540-advanced-wireless-keyboard-mouse-padding-options\">\n<h4 class=\"specs-heading\">Dimensiones<\/h4>\n<div class=\"specs-column\">\n<div class=\"specs-group\">\n<div class=\"specs-block\">\n<h5 class=\"specs-title\">Teclado<\/h5>\n<ul class=\"specs-description-list\">\n<li><strong>Altura<\/strong>: 193,5 mm<\/li>\n<li><strong>Ancho<\/strong>: 457,3 mm<\/li>\n<li><strong>Profundidad<\/strong>: 24 mm<\/li>\n<li><strong>Peso (sin bater\u00edas)<\/strong>: 633 g<\/li>\n<\/ul>\n<\/div>\n<div class=\"specs-block\">\n<h5 class=\"specs-title\">Mouse<\/h5>\n<ul class=\"specs-description-list\">\n<li><strong>Altura<\/strong>: 61,8 mm<\/li>\n<li><strong>Ancho<\/strong>: 39,2 mm<\/li>\n<li><strong>Profundidad<\/strong>: 11,5\u00a0mm<\/li>\n<li><strong>Peso<\/strong>: 73,5 g<\/li>\n<\/ul>\n<\/div>\n<\/div>\n<\/div>\n<h4 class=\"specs-heading\">Especificaciones t\u00e9cnicas<\/h4>\n<div class=\"specs-column\">\n<div class=\"specs-group\">\n<div class=\"specs-block\">\n<div class=\"specs-description\"><strong>Radio de acci\u00f3n Wi-Fi (en metros)<\/strong>: 10 m\u00a0<a class=\"note note-tooltip js-note-tooltip pangea-inited pangea-component-top-element\"><sup aria-label=\"footnote 1\">1<\/sup><span class=\"visually-hidden js-tooltip-descriptor\" aria-hidden=\"true\">El radio de acci\u00f3n inal\u00e1mbrico depende de las condiciones del entorno y de los dispositivos.<\/span><\/a><\/div>\n<\/div>\n<div class=\"specs-block\">\n<h5 class=\"specs-title\">Teclado<\/h5>\n<ul class=\"specs-description-list\">\n<li>Dise\u00f1o resistente a salpicaduras\u00a0<a class=\"note note-tooltip js-note-tooltip pangea-inited pangea-component-top-element\"><sup aria-label=\"footnote 2\">2<\/sup><span class=\"visually-hidden js-tooltip-descriptor\" aria-hidden=\"true\">Pruebas realizadas en condiciones limitadas (m\u00e1ximo de 60 ml de l\u00edquido). No sumerjas el teclado en ning\u00fan l\u00edquido.<\/span><\/a><\/li>\n<li>Forma y sensaci\u00f3n de teclas familiar, silencioso<\/li>\n<li><strong>Altura ajustable<\/strong>: Tres posiciones de inclinaci\u00f3n (natural, 4\u00b0 y 8\u00b0)<\/li>\n<li><strong>Botones\/Teclas especiales<\/strong>: Controles de m\u00fasica, teclas programables<\/li>\n<li>Reposamanos<\/li>\n<li>Estampado de teclas resistente a la abrasi\u00f3n<\/li>\n<li>Teclado num\u00e9rico con 10 teclas<\/li>\n<li><strong>Tipo de teclas<\/strong>: Teclas c\u00f3ncavas<\/li>\n<li>Conmutador de encendido\/apagado<\/li>\n<li>Indicador luminoso de bloqueo de may\u00fasculas<\/li>\n<li>Indicador luminoso de carga<\/li>\n<li>2 bater\u00edas AA (alcalinas)<\/li>\n<li><strong>Pilas<\/strong>: 36\u00a0meses\u00a0<a class=\"note note-tooltip js-note-tooltip pangea-inited pangea-component-top-element\"><sup aria-label=\"footnote 3\">3<\/sup><span class=\"visually-hidden js-tooltip-descriptor\" aria-hidden=\"true\">La duraci\u00f3n de las bater\u00edas depende del uso y del equipo.<\/span><\/a><\/li>\n<\/ul>\n<\/div>\n<div class=\"specs-block\">\n<h5 class=\"specs-title\">Mouse<\/h5>\n<ul class=\"specs-description-list\">\n<li><strong>Tecnolog\u00eda de sensor<\/strong>: Seguimiento \u00f3ptico uniforme<\/li>\n<li><strong>N\u00famero de botones<\/strong>: 3 (click izquierdo\/derecho, click de bot\u00f3n central)<\/li>\n<li><strong>Desplazamiento<\/strong>: l\u00ednea a l\u00ednea<\/li>\n<li><strong>Rueda de desplazamiento<\/strong>: S\u00ed, 2D, \u00f3ptico<\/li>\n<li><strong>Conexi\u00f3n\/alimentaci\u00f3n<\/strong>: Bot\u00f3n de encendido\/apagado<\/li>\n<li>1 bater\u00eda AA (alcalina)<\/li>\n<li><strong>Pilas<\/strong>: 18 meses\u00a0<a class=\"note note-tooltip js-note-tooltip pangea-inited pangea-component-top-element\"><sup aria-label=\"footnote 4\">4<\/sup><span class=\"visually-hidden js-tooltip-descriptor\" aria-hidden=\"true\">La duraci\u00f3n de las bater\u00edas depende del uso y del equipo.<\/span><\/a><\/li>\n<\/ul>\n<\/div>\n<div class=\"specs-block\">\n<h5 class=\"specs-title\">Software para personalizaci\u00f3n<\/h5>\n<ul class=\"specs-description-list\">\n<li>Compatible con Logi Options+ en macOS 10.15 o posteriores y Windows 10 o posteriores.<b><img loading=\"lazy\" class=\"aligncenter wp-image-10280\" src=\"https:\/\/hekalsoluciones.com\/hekalsoluciones\/wp-content\/uploads\/2024\/06\/ENVIO-GRATIS.png\" alt=\"\" width=\"535\" height=\"209\" srcset=\"https:\/\/hekalsoluciones.com\/hekalsoluciones\/wp-content\/uploads\/2024\/06\/ENVIO-GRATIS.png 1280w, https:\/\/hekalsoluciones.com\/hekalsoluciones\/wp-content\/uploads\/2024\/06\/ENVIO-GRATIS-300x117.png 300w, https:\/\/hekalsoluciones.com\/hekalsoluciones\/wp-content\/uploads\/2024\/06\/ENVIO-GRATIS-1024x400.png 1024w, https:\/\/hekalsoluciones.com\/hekalsoluciones\/wp-content\/uploads\/2024\/06\/ENVIO-GRATIS-768x300.png 768w\" sizes=\"(max-width: 535px) 100vw, 535px\" \/><\/b><\/li>\n<\/ul>\n<\/div>\n<\/div>\n<\/div>\n<\/div>\n<\/div>\n<\/div>\n<\/div>\n<\/div>\n<\/div>\n","protected":false},"featured_media":8475,"comment_status":"open","ping_status":"closed","template":"","meta":{"_monsterinsights_skip_tracking":false,"_monsterinsights_sitenote_active":false,"_monsterinsights_sitenote_note":"","_monsterinsights_sitenote_category":0},"aioseo_notices":[],"_links":{"self":[{"href":"https:\/\/hekalsoluciones.com\/hekalsoluciones\/wp-json\/wp\/v2\/product\/8474"}],"collection":[{"href":"https:\/\/hekalsoluciones.com\/hekalsoluciones\/wp-json\/wp\/v2\/product"}],"about":[{"href":"https:\/\/hekalsoluciones.com\/hekalsoluciones\/wp-json\/wp\/v2\/types\/product"}],"replies":[{"embeddable":true,"href":"https:\/\/hekalsoluciones.com\/hekalsoluciones\/wp-json\/wp\/v2\/comments?post=8474"}],"wp:featuredmedia":[{"embeddable":true,"href":"https:\/\/hekalsoluciones.com\/hekalsoluciones\/wp-json\/wp\/v2\/media\/8475"}],"wp:attachment":[{"href":"https:\/\/hekalsoluciones.com\/hekalsoluciones\/wp-json\/wp\/v2\/media?parent=8474"}],"curies":[{"name":"wp","href":"https:\/\/api.w.org\/{rel}","templated":true}]}}