{"id":8504,"date":"2023-01-27T18:24:32","date_gmt":"2023-01-27T18:24:32","guid":{"rendered":"https:\/\/hekalsoluciones.com\/hekalsoluciones\/?post_type=product&#038;p=8504"},"modified":"2026-04-27T16:10:18","modified_gmt":"2026-04-27T16:10:18","slug":"portatil-dell-latitude-3520-1135g7-core-i5","status":"publish","type":"product","link":"https:\/\/hekalsoluciones.com\/hekalsoluciones\/producto\/portatil-dell-latitude-3520-1135g7-core-i5\/","title":{"rendered":"Portatil Dell Latitude 3520 1135G7 Core i5"},"content":{"rendered":"<div id=\"heroContent\">\n<div class=\"heroDescriptionContainer c5\"><\/div>\n<\/div>\n<div id=\"secondaryContent\">\n<div id=\"AnchorZone1\" class=\"anchorZone\">\n<div class=\"anchorZoneContent\">\n<div>\n<div class=\"configTab c11\">\n<div class=\"magConfigStack threeUp\">\n<div id=\"configStackPage_1\" class=\"configStackPage hFixed\">\n<div class=\"configStackBody highlightSpecs\">\n<div id=\"configOc_eGN0b2wzNTIwMTVtbWNsYQ\" class=\"c4 configStackItem first rec configOc_eGN0b2wzNTIwMTVtbWNsYQ\">\n<div class=\"tsStack\">\n<div class=\"dropdown\">Garant\u00eda<\/div>\n<div class=\"specContent\" data-specindex=\"19\">\n<p><span class=\"shortSpec spec~eGN0b2wzNTIwMTVtbWNsYQ~29\">1\u00a0a\u00f1o de servicio de hardware con servicio in situ\/en casa luego del diagn\u00f3stico remoto, Latinoam\u00e9rica<\/span><\/p>\n<div class=\"dropdown\"><span class=\"selectedSpec\">Otras opciones<\/span><span class=\"dropdownArrow\">\u00a0<\/span><\/div>\n<\/div>\n<div class=\"specTitle\" data-specindex=\"20\"><\/div>\n<div class=\"specContent highlightedSpec\" data-specindex=\"21\">\n<div class=\"dropdown\"><\/div>\n<\/div>\n<div class=\"specTitle\" data-specindex=\"22\">\n<h5>Teclado<\/h5>\n<\/div>\n<div class=\"specContent\" data-specindex=\"23\">\n<p><span class=\"shortSpec spec~eGN0b2wzNTIwMTVtbWNsYQ~4\">Teclado sin iluminaci\u00f3n de puntero \u00fanico y teclado num\u00e9rico de 10\u00a0teclas, espa\u00f1ol (Latinoam\u00e9rica)<\/span><\/p>\n<div class=\"dropdown\"><span class=\"selectedSpec\">Otras opciones<\/span><span class=\"dropdownArrow\">\u00a0<\/span><\/div>\n<\/div>\n<div class=\"specTitle\" data-specindex=\"24\">\n<h5>Puertos<\/h5>\n<\/div>\n<div class=\"specContent\" data-specindex=\"25\"><span class=\"shortSpec spec~eGN0b2wzNTIwMTVtbWNsYQ~0\">1 puerto USB 3.2 tipo C de 2.\u00aa generaci\u00f3n con modo alternativo DisplayPort\/Power Delivery<br \/>\n2 puerto USB 3.2 Type-A de 1.\u00aa generaci\u00f3n<br \/>\n1 puerto USB\u00a02.0<br \/>\n1\u00a0puerto HDMI\u00a01.4a<br \/>\n1\u00a0puerto Ethernet RJ-45<br \/>\n1\u00a0puerto de audio universal<br \/>\n1\u00a0puerto para adaptador de alimentaci\u00f3n<\/span><\/div>\n<div class=\"specTitle\" data-specindex=\"28\">\n<h5>Ranuras<\/h5>\n<\/div>\n<div class=\"specContent\" data-specindex=\"29\"><span class=\"shortSpec spec~eGN0b2wzNTIwMTVtbWNsYQ~0\">1\u00a0ranura de tarjeta uSD\u00a03.0<br \/>\n1\u00a0ranura uSIM (WWAN solamente)<br \/>\n1\u00a0ranura para candado con forma de cu\u00f1a<\/span><\/div>\n<div class=\"specTitle\" data-specindex=\"30\">\n<h5>Dimensiones<\/h5>\n<\/div>\n<div class=\"specContent\" data-specindex=\"31\"><span class=\"shortSpec spec~eGN0b2wzNTIwMTVtbWNsYQ~0\">Altura: 18,06\u00a0mm (0,71 \u00ab) x Ancho: 361\u00a0mm (14,2&#8243;) x Profundidad: 240,9\u00a0mm (9,5\u00bb) | Peso inicial: 1,78 kg (3,93 lb)<a class=\"technote microcontent\" href=\"https:\/\/www.dell.com\/mc.ashx?id=technotes:latitude-14-3420-laptop8&amp;c=co&amp;l=es&amp;s=bsd&amp;modalwidth=400&amp;modalHeight=150&amp;ovropac=0&amp;modalscroll=yes&amp;modaltarget=div&amp;modaltype=tooltip&amp;position=bottom&amp;title=Detalles%20importantes&amp;flip=false&amp;eventType=rollover\" rel=\"technotes:latitude-14-3420-laptop8\" name=\"modalPopup\"><sup>2<\/sup><\/a><\/span><\/div>\n<div class=\"specTitle\" data-specindex=\"32\">\n<h5>C\u00e1mara<\/h5>\n<\/div>\n<div class=\"specContent\" data-specindex=\"33\"><span class=\"shortSpec spec~eGN0b2wzNTIwMTVtbWNsYQ~0\">C\u00e1mara HD de 720\u00a0p a 30\u00a0fps con micr\u00f3fono individual integrado<br \/>\nC\u00e1mara infrarroja HD + IR de 720\u00a0p a 30\u00a0fps, micr\u00f3fonos de arreglo dual<\/span><\/div>\n<div class=\"specTitle\" data-specindex=\"34\">\n<h5>Audio y parlantes<\/h5>\n<\/div>\n<div class=\"specContent\" data-specindex=\"35\"><span class=\"shortSpec spec~eGN0b2wzNTIwMTVtbWNsYQ~0\">Parlantes est\u00e9reo con controladora de audio Realtek, 2\u00a0W x 2 = 4\u00a0W<\/span><\/div>\n<div class=\"specTitle\" data-specindex=\"36\">\n<h5>Inal\u00e1mbrico<a class=\"technote microcontent\" href=\"https:\/\/www.dell.com\/mc.ashx?id=technotes:wifi-6e-requirements&amp;c=co&amp;l=es&amp;s=bsd&amp;modalwidth=400&amp;modalHeight=150&amp;ovropac=0&amp;modalscroll=yes&amp;modaltarget=div&amp;modaltype=tooltip&amp;position=bottom&amp;title=Detalles%20importantes&amp;flip=false&amp;eventType=rollover\" rel=\"technotes:wifi-6e-requirements\" name=\"modalPopup\"><sup>3<\/sup><\/a><\/h5>\n<\/div>\n<div class=\"specContent\" data-specindex=\"37\">\n<p><span class=\"shortSpec spec~eGN0b2wzNTIwMTVtbWNsYQ~19\">Intel Wi-Fi 6 AX201, de banda doble, 2&#215;2, 802.11ax, 160\u00a0MHz + Bluetooth 5.1<\/span><\/p>\n<div class=\"dropdown\"><span class=\"selectedSpec\">Otras opciones<\/span><span class=\"dropdownArrow\">\u00a0<\/span><\/div>\n<\/div>\n<div class=\"specTitle\" data-specindex=\"38\">\n<h5>Bater\u00eda principal<\/h5>\n<\/div>\n<div class=\"specContent highlightedSpec\" data-specindex=\"39\">\n<p><span class=\"shortSpec spec~eGN0b2wzNTIwMTVtbWNsYQ~112\">CY22, bater\u00eda con capacidad para ExpressCharge\u2122 de 3\u00a0celdas y 41\u00a0Wh<\/span><\/p>\n<div class=\"dropdown\"><span class=\"selectedSpec\">Otras opciones<\/span><span class=\"dropdownArrow\">\u00a0<\/span><\/div>\n<\/div>\n<div class=\"specTitle\" data-specindex=\"40\">\n<h5>Alimentaci\u00f3n<\/h5>\n<\/div>\n<div class=\"specContent\" data-specindex=\"41\">\n<p><span class=\"shortSpec spec~eGN0b2wzNTIwMTVtbWNsYQ~1015\">CY22, adaptador de CA de 65\u00a0W, conector cil\u00edndrico de 4,5\u00a0mm<\/span><\/p>\n<div class=\"dropdown\"><span class=\"selectedSpec\">Otras opciones<\/span><span class=\"dropdownArrow\">\u00a0<\/span><\/div>\n<\/div>\n<div class=\"specTitle\" data-specindex=\"42\"><\/div>\n<\/div>\n<\/div>\n<\/div>\n<\/div>\n<\/div>\n<\/div>\n<\/div>\n<\/div>\n<\/div>\n<div id=\"AnchorZone3\" class=\"anchorZone\">\n<div class=\"anchorZoneHeader\">\n<div class=\"anchorZoneTitle anchorZoneTitleBorder\">\n<h3>Caracter\u00edsticas y dise\u00f1o<\/h3>\n<\/div>\n<\/div>\n<div class=\"anchorZoneContent\">\n<div>\n<div class=\"anchoredContentContainer clrFix anchoredContent_1imageup anchorMenu\">\n<div class=\"oneImageUpContainer\">\n<div class=\"oneImageUp\">\n<p><img id=\"\" class=\"lazy\" title=\"\" src=\"https:\/\/i.dell.com\/images\/global\/general\/spacer.gif\" alt=\"\" border=\"0\" data-original=\"\" \/><\/p>\n<div class=\"oneImageHeadline\">Sistema operativo<\/div>\n<div class=\"oneImageBody\"><strong>Disponible con Windows 11 Pro<\/strong><\/div>\n<\/div>\n<\/div>\n<\/div>\n<div class=\"anchored_clearFloats\"><\/div>\n<div class=\"anchoredContentContainer clrFix anchoredContent_1imageup anchorMenu\">\n<div class=\"oneImageUpContainer\">\n<div class=\"oneImageUp\">\n<p><img id=\"\" class=\"lazy\" title=\"Bienvenido a una nueva era de inteligencia\" src=\"https:\/\/i.dell.com\/is\/image\/DellContent\/\/content\/dam\/ss2\/product-images\/dell-client-products\/notebooks\/latitude-notebooks\/15-3520\/pdp\/laptop-latitude-15-3520-pdp-mod-1.jpg?fmt=jpg&amp;wid=965&amp;hei=391\" alt=\"Bienvenido a una nueva era de inteligencia\" border=\"0\" data-original=\"\/\/i.dell.com\/is\/image\/DellContent\/\/content\/dam\/ss2\/product-images\/dell-client-products\/notebooks\/latitude-notebooks\/15-3520\/pdp\/laptop-latitude-15-3520-pdp-mod-1.jpg?fmt=jpg&amp;wid=965&amp;hei=391\" \/><\/p>\n<div class=\"oneImageHeadline\">Bienvenido a una nueva era de inteligencia<\/div>\n<div class=\"oneImageBody\"><strong>ExpressConnect<\/strong><br \/>\nExperimente Wi-Fi sin interrupciones. ExpressConnect se conecta autom\u00e1ticamente a los puntos de acceso de mayo intensidad<a class=\"technote microcontent\" href=\"https:\/\/www.dell.com\/mc.ashx?id=technotes:latitude-14-3420-laptop1&amp;c=co&amp;l=es&amp;s=bsd&amp;modalwidth=400&amp;modalHeight=150&amp;ovropac=0&amp;modalscroll=yes&amp;modaltarget=div&amp;modaltype=tooltip&amp;position=bottom&amp;title=Detalles%20importantes&amp;flip=false&amp;eventType=rollover\" rel=\"technotes:latitude-14-3420-laptop1\" name=\"modalPopup\"><sup>4<\/sup><\/a>\u00a0en la oficina y prioriza el ancho de banda para las aplicaciones de conferencias, dondequiera que trabaje.<strong>ExpressResponse<a class=\"technote microcontent\" href=\"https:\/\/www.dell.com\/mc.ashx?id=technotes:latitude-14-3420-laptop2&amp;c=co&amp;l=es&amp;s=bsd&amp;modalwidth=400&amp;modalHeight=150&amp;ovropac=0&amp;modalscroll=yes&amp;modaltarget=div&amp;modaltype=tooltip&amp;position=bottom&amp;title=Detalles%20importantes&amp;flip=false&amp;eventType=rollover\" rel=\"technotes:latitude-14-3420-laptop2\" name=\"modalPopup\"><sup>5<\/sup><\/a><\/strong><br \/>\nCon la tecnolog\u00eda Intel<sup>\u00ae<\/sup>\u00a0Adaptix\u2122, d\u00e9 prioridad a sus aplicaciones m\u00e1s importantes, para que se abran m\u00e1s r\u00e1pido y funcionen mejor.<strong>ExpressCharge<a class=\"technote microcontent\" href=\"https:\/\/www.dell.com\/mc.ashx?id=technotes:latitude-14-3420-laptop3&amp;c=co&amp;l=es&amp;s=bsd&amp;modalwidth=400&amp;modalHeight=150&amp;ovropac=0&amp;modalscroll=yes&amp;modaltarget=div&amp;modaltype=tooltip&amp;position=bottom&amp;title=Detalles%20importantes&amp;flip=false&amp;eventType=rollover\" rel=\"technotes:latitude-14-3420-laptop3\" name=\"modalPopup\"><sup>6<\/sup><\/a><\/strong><br \/>\nDell Optimizer ampl\u00eda la autonom\u00eda y mejora el rendimiento de la bater\u00eda al adaptarse a sus patrones y cargar la bater\u00eda hasta el 80\u00a0% en una hora.<strong>Intelligent Audio<\/strong><br \/>\nColabore como si estuviera en la misma habitaci\u00f3n. Intelligent Audio mejora su calidad de audio y reduce los ruidos de fondo, para que pueda escuchar y ser escuchado, lo que crea una mejor experiencia de conferencia para todos.<\/div>\n<\/div>\n<\/div>\n<\/div>\n<div class=\"anchored_clearFloats\"><\/div>\n<div class=\"anchoredContentContainer clrFix anchoredContent_textrightimageleft anchorMenu\">\n<div class=\"textrightimageleft_Container clrFix\">\n<div class=\"textrightimageleft_MainImg\">\n<div class=\"leftRightMainImg\"><img class=\"lazy\" title=\"Caracter\u00edsticas esenciales para cualquier empresa\" src=\"https:\/\/i.dell.com\/is\/image\/DellContent\/\/content\/dam\/ss2\/product-images\/dell-client-products\/notebooks\/latitude-notebooks\/15-3520\/pdp\/laptop-latitude-15-3520-pdp-mod-2.jpg?fmt=jpg&amp;wid=390&amp;hei=320\" alt=\"Caracter\u00edsticas esenciales para cualquier empresa\" border=\"0\" data-original=\"\/\/i.dell.com\/is\/image\/DellContent\/\/content\/dam\/ss2\/product-images\/dell-client-products\/notebooks\/latitude-notebooks\/15-3520\/pdp\/laptop-latitude-15-3520-pdp-mod-2.jpg?fmt=jpg&amp;wid=390&amp;hei=320\" \/><\/div>\n<\/div>\n<div class=\"textrightimageleft_MainBody\">\n<div class=\"leftRight_MainHead\">Caracter\u00edsticas esenciales para cualquier empresa<\/div>\n<div class=\"leftRight_MainCopy\">\n<p><strong>Rendimiento superior:<\/strong>\u00a0Los procesadores Intel<sup>\u00ae<\/sup>\u00a0Core\u2122 i7 de hasta 11.\u00aa\u00a0generaci\u00f3n ofrecen a las empresas el rendimiento, la facilidad de administraci\u00f3n, las caracter\u00edsticas de seguridad incorporadas y la estabilidad de Intel\u00ae, en sinton\u00eda con un plan de trabajo preparado para el futuro. Descargue y ejecute sin inconvenientes aplicaciones con uso intensivo de gr\u00e1ficos con la tarjeta NVIDIA\u00a0MX450 opcional.<\/p>\n<p><strong>Con\u00e9ctese desde cualquier lugar:<\/strong>\u00a0Trabaje sin inconvenientes est\u00e9 donde est\u00e9. La funcionalidad Wi-Fi\u00a06 de Intel<sup>\u00ae<\/sup>\u00a0proporciona conectividad confiable, velocidades r\u00e1pidas y seguridad de \u00faltima generaci\u00f3n para computadoras y redes inal\u00e1mbricas.<\/p>\n<p><strong>Puertos para cada prop\u00f3sito:<\/strong>\u00a0Compatible con m\u00e1s monitores y accesorios gracias a una gama completa de puertos, que incluyen 2 puertos USB 3.2 Type-C\u2122 de 2.\u00aa\u00a0generaci\u00f3n y puertos heredados como HDMI y RJ45.<\/p>\n<p><strong>Arranque r\u00e1pido:<\/strong>\u00a0Arranque el sistema de inmediato con un lector de huellas digitales integrado en el bot\u00f3n de encendido.<\/p>\n<p><strong>Alimentaci\u00f3n de larga duraci\u00f3n:<\/strong>\u00a0Mejore la eficiencia con las opciones de bater\u00eda de baja densidad, 3C y 4C.<\/p>\n<\/div>\n<\/div>\n<\/div>\n<\/div>\n<div class=\"anchored_clearFloats\"><\/div>\n<div class=\"anchoredContentContainer clrFix anchoredContent_textleftimageright anchorMenu\">\n<div class=\"textleftimageright_Container clrFix\">\n<div class=\"textleftimageright_MainImg\">\n<div class=\"leftRightMainImg\"><img class=\"lazy\" title=\"Dise\u00f1o moderno que aumenta la productividad\" src=\"https:\/\/i.dell.com\/is\/image\/DellContent\/\/content\/dam\/ss2\/product-images\/dell-client-products\/notebooks\/latitude-notebooks\/15-3520\/pdp\/laptop-latitude-15-3520-pdp-mod-3.jpg?fmt=jpg&amp;wid=390&amp;hei=225\" alt=\"Dise\u00f1o moderno que aumenta la productividad\" border=\"0\" data-original=\"\/\/i.dell.com\/is\/image\/DellContent\/\/content\/dam\/ss2\/product-images\/dell-client-products\/notebooks\/latitude-notebooks\/15-3520\/pdp\/laptop-latitude-15-3520-pdp-mod-3.jpg?fmt=jpg&amp;wid=390&amp;hei=225\" \/><\/div>\n<\/div>\n<div class=\"textleftimageright_MainBody\">\n<div class=\"leftRight_MainHead\">Dise\u00f1o moderno que aumenta la productividad<\/div>\n<div class=\"leftRight_MainCopy\">\n<p><strong>Dise\u00f1o incre\u00edble:<\/strong>\u00a0Nuestra Latitude 3520 es m\u00e1s peque\u00f1a y liviana, con un nuevo acabado m\u00e1s oscuro, paredes pulidas y un bisel delgado.<\/p>\n<p><strong>Teclado actualizado:<\/strong>\u00a0El teclado m\u00e1s grande (de borde a borde), las teclas y un panel t\u00e1ctil 10\u00a0% m\u00e1s grande hacen que escribir y navegar sea m\u00e1s f\u00e1cil que nunca.<\/p>\n<p><strong>Pantalla mejorada:<\/strong>\u00a0Obtenga una vista m\u00e1s brillante con los paneles de pantalla Full HD de 250\u00a0nit.<\/p>\n<p><strong>Obturador de privacidad:<\/strong>\u00a0Disponible con un obturador mec\u00e1nico en la c\u00e1mara que ofrece privacidad y seguridad.<a class=\"technote microcontent\" href=\"https:\/\/www.dell.com\/mc.ashx?id=technotes:latitude-14-3420-laptop5&amp;c=co&amp;l=es&amp;s=bsd&amp;modalwidth=400&amp;modalHeight=150&amp;ovropac=0&amp;modalscroll=yes&amp;modaltarget=div&amp;modaltype=tooltip&amp;position=bottom&amp;title=Detalles%20importantes&amp;flip=false&amp;eventType=rollover\" rel=\"technotes:latitude-14-3420-laptop5\" name=\"modalPopup\"><sup>7<\/sup><\/a><\/p>\n<p><strong>Nuestro compromiso con la sostenibilidad:<\/strong>\u00a0Nuestros sistemas cuentan con certificaci\u00f3n EPEAT Gold<a class=\"technote microcontent\" href=\"https:\/\/www.dell.com\/mc.ashx?id=technotes:latitude-15-3520-laptop-technote3&amp;c=co&amp;l=es&amp;s=bsd&amp;modalwidth=400&amp;modalHeight=150&amp;ovropac=0&amp;modalscroll=yes&amp;modaltarget=div&amp;modaltype=tooltip&amp;position=bottom&amp;title=Detalles%20importantes&amp;flip=false&amp;eventType=rollover\" rel=\"technotes:latitude-15-3520-laptop-technote3\" name=\"modalPopup\"><sup>8<\/sup><\/a>, para que pueda sentirse bien con la compra de una Latitude. Adem\u00e1s, elegir sistemas que cumplen con las normas Energy Star no solo le permite ahorrar dinero, sino que tambi\u00e9n reduce las emisiones asociadas con la generaci\u00f3n el\u00e9ctrica.<\/p>\n<\/div>\n<\/div>\n<\/div>\n<\/div>\n<div class=\"anchored_clearFloats\"><\/div>\n<div class=\"anchoredContentContainer clrFix anchoredContent_textonly anchorMenu\">\n<div class=\"textOnlyContainer\">\n<div class=\"textOnlyContainerHeadline\">Modernice su experiencia con Dell\u00a0Technologies\u00a0Unified\u00a0Workspace.<\/div>\n<div class=\"textOnly\">\n<div class=\"textOnlyBody\">\n<p><strong>Dell\u00a0Technologies\u00a0Unified\u00a0Workspace<\/strong>\u00a0es el m\u00e1ximo est\u00e1ndar para ayudar a los clientes a lograr un entorno de terminales modernizado y brindar una experiencia de usuario final optimizada. Las soluciones de software y servicios de Dell se integran con los entornos de terminales actuales y proporcionan mayor eficiencia, conocimientos \u00fatiles y una experiencia optimizada a trav\u00e9s de la implementaci\u00f3n, la seguridad, la administraci\u00f3n y el soporte.<\/p>\n<p>Las ventajas de implementar Dell\u00a0Technologies\u00a0Unified\u00a0Workspace compensan los costos de TI y hardware<a class=\"technote microcontent\" href=\"https:\/\/www.dell.com\/mc.ashx?id=technotes:Forrester-Total&amp;c=co&amp;l=es&amp;s=bsd&amp;modalwidth=400&amp;modalHeight=150&amp;ovropac=0&amp;modalscroll=yes&amp;modaltarget=div&amp;modaltype=tooltip&amp;position=bottom&amp;title=Detalles%20importantes&amp;flip=false&amp;eventType=rollover\" rel=\"technotes:Forrester-Total\" name=\"modalPopup\"><sup>9<\/sup><\/a><\/p>\n<ul>\n<li>Aprovisionamiento de f\u00e1brica moderno que reduce el tiempo de\u00a0<strong>implementaci\u00f3n<\/strong>\u00a0en un 50\u00a0%<a class=\"technote microcontent\" href=\"https:\/\/www.dell.com\/mc.ashx?id=technotes:Business-Value&amp;c=co&amp;l=es&amp;s=bsd&amp;modalwidth=400&amp;modalHeight=150&amp;ovropac=0&amp;modalscroll=yes&amp;modaltarget=div&amp;modaltype=tooltip&amp;position=bottom&amp;title=Detalles%20importantes&amp;flip=false&amp;eventType=rollover\" rel=\"technotes:Business-Value\" name=\"modalPopup\"><sup>10<\/sup><\/a><\/li>\n<li><strong>Seguridad<\/strong>\u00a0de terminales integral por encima y por debajo del SO<\/li>\n<li><strong>Administraci\u00f3n<\/strong>\u00a0unificada desde una \u00fanica consola de su elecci\u00f3n<\/li>\n<li><strong>Soporte<\/strong>\u00a0predictivo y proactivo para reducir las llamadas de soporte hasta en un 46\u00a0% y resolver los problemas 6 veces m\u00e1s r\u00e1pido<a class=\"technote microcontent\" href=\"https:\/\/www.dell.com\/mc.ashx?id=technotes:Forrester-Total&amp;c=co&amp;l=es&amp;s=bsd&amp;modalwidth=400&amp;modalHeight=150&amp;ovropac=0&amp;modalscroll=yes&amp;modaltarget=div&amp;modaltype=tooltip&amp;position=bottom&amp;title=Detalles%20importantes&amp;flip=false&amp;eventType=rollover\" rel=\"technotes:Forrester-Total\" name=\"modalPopup\"><sup>9<\/sup><\/a><a class=\"technote microcontent\" href=\"https:\/\/www.dell.com\/mc.ashx?id=technotes:Principled-Technologies-report-1&amp;c=co&amp;l=es&amp;s=bsd&amp;modalwidth=400&amp;modalHeight=150&amp;ovropac=0&amp;modalscroll=yes&amp;modaltarget=div&amp;modaltype=tooltip&amp;position=bottom&amp;title=Detalles%20importantes&amp;flip=false&amp;eventType=rollover\" rel=\"technotes:Principled-Technologies-report-1\" name=\"modalPopup\"><sup>11<\/sup><\/a><\/li>\n<\/ul>\n<\/div>\n<\/div>\n<\/div>\n<\/div>\n<div class=\"anchored_clearFloats\"><\/div>\n<div class=\"anchoredContentContainer clrFix anchoredContent_1imageup anchorMenu\">\n<div class=\"oneImageUpContainer\">\n<div class=\"oneImageUp\">\n<p><img id=\"\" class=\"lazy\" title=\"Puertos y ranuras\" src=\"https:\/\/i.dell.com\/is\/image\/DellContent\/\/content\/dam\/ss2\/product-images\/dell-client-products\/notebooks\/latitude-notebooks\/15-3520\/pdp\/laptop-latitude-15-3520-pdp-mod-4.jpg?fmt=jpg&amp;wid=965&amp;hei=510\" alt=\"Puertos y ranuras\" border=\"0\" data-original=\"\/\/i.dell.com\/is\/image\/DellContent\/\/content\/dam\/ss2\/product-images\/dell-client-products\/notebooks\/latitude-notebooks\/15-3520\/pdp\/laptop-latitude-15-3520-pdp-mod-4.jpg?fmt=jpg&amp;wid=965&amp;hei=510\" \/><\/p>\n<div class=\"oneImageHeadline\">Puertos y ranuras<\/div>\n<div class=\"oneImageBody\">1.\u00a0Bandeja de tarjeta uSIM opcional | 2. Ranura de lector de tarjetas uSD\u00a03.0 | 3. Conector de audio | 4. USB\u00a02.0 | 5. Puerto USB\u00a03.2 Type-A de 1.\u00aa\u00a0generaci\u00f3n | 6. RJ-45 con LED de estado | 7. Ranura de candado en forma de cu\u00f1a | 8. Entrada de alimentaci\u00f3n para conector de 4,5\u00a0mm con LED de estado | 9. HDMI\u00a01.4 | 10. Puerto USB\u00a03.2 Type-A de 1.\u00aa\u00a0generaci\u00f3n | 11. USB 3.2 tipo C de 2.\u00aa generaci\u00f3n con modo alternativo DisplayPort\/Power Delivery<\/div>\n<\/div>\n<\/div>\n<\/div>\n<div class=\"anchored_clearFloats\"><\/div>\n<div class=\"anchoredContentContainer clrFix anchoredContent_1imageup anchorMenu\">\n<div class=\"oneImageUpContainer\">\n<div class=\"oneImageUp\">\n<p><img id=\"\" class=\"lazy\" title=\"Dimensiones y peso\" src=\"https:\/\/i.dell.com\/is\/image\/DellContent\/\/content\/dam\/ss2\/product-images\/dell-client-products\/notebooks\/latitude-notebooks\/15-3520\/pdp\/laptop-latitude-15-3520-pdp-mod-5.jpg?fmt=jpg&amp;wid=965&amp;hei=400\" alt=\"Dimensiones y peso\" border=\"0\" data-original=\"\/\/i.dell.com\/is\/image\/DellContent\/\/content\/dam\/ss2\/product-images\/dell-client-products\/notebooks\/latitude-notebooks\/15-3520\/pdp\/laptop-latitude-15-3520-pdp-mod-5.jpg?fmt=jpg&amp;wid=965&amp;hei=400\" \/><\/p>\n<div class=\"oneImageHeadline\">Dimensiones y peso<\/div>\n<div class=\"oneImageBody\">1. Altura: 18,06\u00a0mm (0,71 \u00ab) | 2. Ancho: 361\u00a0mm (14,2&#8243;) | 3. Profundidad: 240,9\u00a0mm (9,5\u00bb) | Peso inicial: 1,78 kg (3,93 lb)<a class=\"technote microcontent\" href=\"https:\/\/www.dell.com\/mc.ashx?id=technotes:latitude-14-3420-laptop8&amp;c=co&amp;l=es&amp;s=bsd&amp;modalwidth=400&amp;modalHeight=150&amp;ovropac=0&amp;modalscroll=yes&amp;modaltarget=div&amp;modaltype=tooltip&amp;position=bottom&amp;title=Detalles%20importantes&amp;flip=false&amp;eventType=rollover\" rel=\"technotes:latitude-14-3420-laptop8\" name=\"modalPopup\"><sup>2<\/sup><\/a><\/div>\n<\/div>\n<\/div>\n<\/div>\n<div class=\"anchored_clearFloats\"><\/div>\n<\/div>\n<\/div>\n<\/div>\n<\/div>\n","protected":false},"excerpt":{"rendered":"<ul>\n<li>Portatil Latitude 3520 Intel\u00ae Core\u2122 i5-1135G7 de 11.\u00aa generaci\u00f3n(4 n\u00facleos, cach\u00e9 de 8 M, base de 2,4 GHz a 4,2 GHz)<\/li>\n<li>8GB DDR4 3.200 Mhz<\/li>\n<li>Unidad de estado Solido M.2 512GB PCIe NVMe Class 35<\/li>\n<li>15\\\\\\\u00bb HD (1366 x768) AG Non-Touch<\/li>\n<li>\u00a0Intel Wi-Fi 6 AX201 2&#215;2 802.11ax 160MHz + Bluetooth 5.1<\/li>\n<li>Non-Backlit Keyboard For Spanish Teclado Numerico<\/li>\n<li>1USB 2.0, 2USB 3.2, 1USB-C, Lector de Tarjeta SD, RJ-45<\/li>\n<\/ul>\n<p><b><img loading=\"lazy\" class=\"aligncenter wp-image-10280\" src=\"https:\/\/hekalsoluciones.com\/hekalsoluciones\/wp-content\/uploads\/2024\/06\/ENVIO-GRATIS.png\" alt=\"\" width=\"535\" height=\"209\" srcset=\"https:\/\/hekalsoluciones.com\/hekalsoluciones\/wp-content\/uploads\/2024\/06\/ENVIO-GRATIS.png 1280w, https:\/\/hekalsoluciones.com\/hekalsoluciones\/wp-content\/uploads\/2024\/06\/ENVIO-GRATIS-300x117.png 300w, https:\/\/hekalsoluciones.com\/hekalsoluciones\/wp-content\/uploads\/2024\/06\/ENVIO-GRATIS-1024x400.png 1024w, https:\/\/hekalsoluciones.com\/hekalsoluciones\/wp-content\/uploads\/2024\/06\/ENVIO-GRATIS-768x300.png 768w\" sizes=\"(max-width: 535px) 100vw, 535px\" \/><\/b><\/p>\n","protected":false},"featured_media":8505,"comment_status":"open","ping_status":"closed","template":"","meta":{"_monsterinsights_skip_tracking":false,"_monsterinsights_sitenote_active":false,"_monsterinsights_sitenote_note":"","_monsterinsights_sitenote_category":0},"aioseo_notices":[],"_links":{"self":[{"href":"https:\/\/hekalsoluciones.com\/hekalsoluciones\/wp-json\/wp\/v2\/product\/8504"}],"collection":[{"href":"https:\/\/hekalsoluciones.com\/hekalsoluciones\/wp-json\/wp\/v2\/product"}],"about":[{"href":"https:\/\/hekalsoluciones.com\/hekalsoluciones\/wp-json\/wp\/v2\/types\/product"}],"replies":[{"embeddable":true,"href":"https:\/\/hekalsoluciones.com\/hekalsoluciones\/wp-json\/wp\/v2\/comments?post=8504"}],"wp:featuredmedia":[{"embeddable":true,"href":"https:\/\/hekalsoluciones.com\/hekalsoluciones\/wp-json\/wp\/v2\/media\/8505"}],"wp:attachment":[{"href":"https:\/\/hekalsoluciones.com\/hekalsoluciones\/wp-json\/wp\/v2\/media?parent=8504"}],"curies":[{"name":"wp","href":"https:\/\/api.w.org\/{rel}","templated":true}]}}