{"id":8604,"date":"2023-03-22T17:42:13","date_gmt":"2023-03-22T17:42:13","guid":{"rendered":"https:\/\/hekalsoluciones.com\/hekalsoluciones\/?post_type=product&#038;p=8604"},"modified":"2024-06-28T14:44:21","modified_gmt":"2024-06-28T14:44:21","slug":"adaptador-de-red-mini-tp-link","status":"publish","type":"product","link":"https:\/\/hekalsoluciones.com\/hekalsoluciones\/producto\/adaptador-de-red-mini-tp-link\/","title":{"rendered":"Adaptador de Red Mini TP-Link"},"content":{"rendered":"<div class=\"product-info-basic\">\n<div class=\"tp-container\">\n<div class=\"tp-row tp-row-2\">\n<div class=\"tp-col brief\">\n<div id=\"divOthersBasic\" class=\"box others\"><\/div>\n<\/div>\n<\/div>\n<\/div>\n<\/div>\n<div class=\"product-info\">\n<div id=\"div_overview\" class=\"overview\">\n<div class=\"overview-content\">\n<section class=\"a\">\n<div class=\"w1200\">\n<div class=\"text\">\n<h1 id=\"tw-target-text\" class=\"tw-data-text tw-text-large tw-ta\" dir=\"ltr\" data-placeholder=\"Traducci\u00f3n\"><span class=\"Y2IQFc\" lang=\"es\">Conexi\u00f3n M\u00e1xima Experiencia Mini adaptador USB inal\u00e1mbrico N de 300 Mbps<\/span><\/h1>\n<\/div>\n<\/div>\n<\/section>\n<section class=\"b\">\n<div class=\"w1200\">\n<div class=\"text\">\n<h2 id=\"tw-target-text\" class=\"tw-data-text tw-text-large tw-ta\" dir=\"ltr\" data-placeholder=\"Traducci\u00f3n\"><span class=\"Y2IQFc\" lang=\"es\">La conexi\u00f3n estable satisface sus demandas diarias de navegaci\u00f3n <\/span><\/h2>\n<h5 class=\"tw-data-text tw-text-large tw-ta\" dir=\"ltr\" data-placeholder=\"Traducci\u00f3n\"><span class=\"Y2IQFc\" lang=\"es\">TL-WN823N est\u00e1 dise\u00f1ado para conectar su computadora port\u00e1til o de escritorio a una red inal\u00e1mbrica. Le permite disfrutar de un rendimiento inal\u00e1mbrico de alta velocidad a 300 Mbps, lo que lo convierte en una excelente opci\u00f3n para transmisi\u00f3n de video, transmisi\u00f3n de voz y juegos en l\u00ednea. <\/span><\/h5>\n<h5 dir=\"ltr\" data-placeholder=\"Traducci\u00f3n\"><\/h5>\n<h2 class=\"tw-data-text tw-text-large tw-ta\" dir=\"ltr\" data-placeholder=\"Traducci\u00f3n\"><span class=\"Y2IQFc\" lang=\"es\">El dise\u00f1o diminuto brinda comodidad infinita <\/span><\/h2>\n<h5 class=\"tw-data-text tw-text-large tw-ta\" dir=\"ltr\" data-placeholder=\"Traducci\u00f3n\"><span class=\"Y2IQFc\" lang=\"es\">TL-WN823N tiene un dise\u00f1o inteligente que es m\u00e1s peque\u00f1o que un disco flash USB habitual. No solo se puede insertar en cualquier puerto USB, sino que tambi\u00e9n es bastante f\u00e1cil de transportar, lo cual es conveniente para la mayor\u00eda de los escenarios de uso. <\/span><\/h5>\n<h5 class=\"tw-data-text tw-text-large tw-ta\" dir=\"ltr\" data-placeholder=\"Traducci\u00f3n\"><span class=\"Y2IQFc\" lang=\"es\">39 mm 18,35 mm 7,87 mm <\/span><\/h5>\n<h5 class=\"tw-data-text tw-text-large tw-ta\" dir=\"ltr\" data-placeholder=\"Traducci\u00f3n\"><span class=\"Y2IQFc\" lang=\"es\">Configuraci\u00f3n f\u00e1cil Una interfaz de usuario amigable en un CD para una instalaci\u00f3n sencilla.<\/span><\/h5>\n<h5 class=\"tw-data-text tw-text-large tw-ta\" dir=\"ltr\" data-placeholder=\"Traducci\u00f3n\"><span class=\"Y2IQFc\" lang=\"es\">Bot\u00f3n WPS Encriptaci\u00f3n de seguridad inal\u00e1mbrica f\u00e1cil con solo presionar el bot\u00f3n WPS<\/span><\/h5>\n<h5 class=\"tw-data-text tw-text-large tw-ta\" dir=\"ltr\" data-placeholder=\"Traducci\u00f3n\"><span class=\"Y2IQFc\" lang=\"es\">Sistema operativo Soporta Windows, sistema operativo mac, linux <\/span><\/h5>\n<h5 class=\"tw-data-text tw-text-large tw-ta\" dir=\"ltr\" data-placeholder=\"Traducci\u00f3n\"><span class=\"Y2IQFc\" lang=\"es\">*Las tasas m\u00e1ximas de se\u00f1al inal\u00e1mbrica son las tasas f\u00edsicas derivadas de las especificaciones del est\u00e1ndar IEEE 802.11. El rendimiento real de datos inal\u00e1mbricos y la cobertura inal\u00e1mbrica no est\u00e1n garantizados y variar\u00e1n como resultado de 1) factores ambientales, incluidos materiales de construcci\u00f3n, objetos f\u00edsicos y obst\u00e1culos, 2) condiciones de la red, incluidas interferencias locales, volumen y densidad del tr\u00e1fico, ubicaci\u00f3n del producto, complejidad de la red y sobrecarga de la red, y 3) limitaciones del AP, incluido el rendimiento nominal, la ubicaci\u00f3n, la calidad de la conexi\u00f3n y el estado del AP. *Para garantizar la compatibilidad, es posible que deba actualizar los controladores del adaptador despu\u00e9s de una actualizaci\u00f3n del sistema operativo. Puede encontrar nuestros controladores m\u00e1s recientes en el centro de descargas en tp-link.com\/en\/download-center.<\/span><\/h5>\n<\/div>\n<\/div>\n<\/section>\n<\/div>\n<\/div>\n<\/div>\n","protected":false},"excerpt":{"rendered":"<div class=\"box title\">\n<h1>300Mbps Mini Wireless N USB Adapter<\/h1>\n<\/div>\n<div class=\"box highlights\">\n<ul>\n<li>Velocidad inal\u00e1mbrica de 300 Mbps ideal para video HD fluido, transmisi\u00f3n de voz y juegos en l\u00ednea<\/li>\n<li>Dise\u00f1o de tama\u00f1o mini para una portabilidad conveniente con un alto rendimiento confiable<\/li>\n<li>Configure f\u00e1cilmente una conexi\u00f3n inal\u00e1mbrica segura con el bot\u00f3n WPS de un solo toque<\/li>\n<li>Compatible con Windows 8.1\/8\/7\/XP,\u00a0Mac OS, Linux<\/li>\n<\/ul>\n<\/div>\n","protected":false},"featured_media":8605,"comment_status":"open","ping_status":"closed","template":"","meta":{"_monsterinsights_skip_tracking":false,"_monsterinsights_sitenote_active":false,"_monsterinsights_sitenote_note":"","_monsterinsights_sitenote_category":0},"aioseo_notices":[],"_links":{"self":[{"href":"https:\/\/hekalsoluciones.com\/hekalsoluciones\/wp-json\/wp\/v2\/product\/8604"}],"collection":[{"href":"https:\/\/hekalsoluciones.com\/hekalsoluciones\/wp-json\/wp\/v2\/product"}],"about":[{"href":"https:\/\/hekalsoluciones.com\/hekalsoluciones\/wp-json\/wp\/v2\/types\/product"}],"replies":[{"embeddable":true,"href":"https:\/\/hekalsoluciones.com\/hekalsoluciones\/wp-json\/wp\/v2\/comments?post=8604"}],"wp:featuredmedia":[{"embeddable":true,"href":"https:\/\/hekalsoluciones.com\/hekalsoluciones\/wp-json\/wp\/v2\/media\/8605"}],"wp:attachment":[{"href":"https:\/\/hekalsoluciones.com\/hekalsoluciones\/wp-json\/wp\/v2\/media?parent=8604"}],"curies":[{"name":"wp","href":"https:\/\/api.w.org\/{rel}","templated":true}]}}