{"id":8811,"date":"2023-09-19T21:21:27","date_gmt":"2023-09-19T21:21:27","guid":{"rendered":"https:\/\/hekalsoluciones.com\/hekalsoluciones\/?post_type=product&#038;p=8811"},"modified":"2025-03-07T15:50:46","modified_gmt":"2025-03-07T15:50:46","slug":"portatil-asus-m515da-ryzen-5-ram-8gb-1tb-156-full-hd","status":"publish","type":"product","link":"https:\/\/hekalsoluciones.com\/hekalsoluciones\/producto\/portatil-asus-m515da-ryzen-5-ram-8gb-1tb-156-full-hd\/","title":{"rendered":"Portatil Asus M515DA Ryzen 5 Ram 8GB 512TB 15,6&#8243; Full HD"},"content":{"rendered":"<section id=\"intro\">\n<div class=\"main-container\">\n<div class=\"row\">\n<div class=\"section-container col-xs-12 col-sm-12 col-md-12 col-lg-12\">\n<div class=\"logo-container\">\n<h2 class=\"title-module\">ASUS M515DA<\/h2>\n<h2 class=\"subtitle-mail\">Estilo y desempe\u00f1o con mucha clase<\/h2>\n<h3 class=\"subtitle-mail title-feat\">Uno de los laptops de 15 pulgadas m\u00e1s peque\u00f1os y vers\u00e1tiles del mundo.<\/h3>\n<\/div>\n<div class=\"image-container\"><img class=\"res-image\" src=\"https:\/\/media.aws.alkomprar.com\/ymarketingcolcomercio\/Alkosto\/informatica\/contenido\/ASUS\/4711081640240\/assets\/1.jpg\" \/><\/div>\n<\/div>\n<div class=\"video-asus col-xs-12 col-sm-12 col-md-12 col-lg-12\">\n<h2 class=\"title-feature\">ASUS M515<\/h2>\n<p id=\"text-header2\" class=\"text-specs\">Aspecto elegante, rendimiento impecable Uno de los computadores port\u00e1tiles de 15 pulgadas m\u00e1s peque\u00f1os del mundo<\/p>\n<p>Ya sea para trabajar o jugar, el ASUS M515DA es el computador port\u00e1til de nivel b\u00e1sico que ofrece un rendimiento potente y efectos visuales envolventes.<\/p>\n<\/div>\n<\/div>\n<\/div>\n<\/section>\n<section id=\"feature3\">\n<div class=\"main-container\">\n<div class=\"row\">\n<div class=\"section-container col-xs-12 col-sm-12 col-md-12 col-lg-12\">\n<div class=\"title-container\">\n<h2 class=\"title-feature\">Display NanoEdge<\/h2>\n<h1 class=\"subtitle-mail\">Obt\u00e9n una visi\u00f3n m\u00e1s amplia del mundo<\/h1>\n<p id=\"text-header\" class=\"text-specs\">Su pantalla NanoEdge cuenta con amplios \u00e1ngulos de visi\u00f3n de 178\u00b0 y un recubrimiento antirreflejos para tener una experiencia verdaderamente atractiva.<\/p>\n<\/div>\n<div class=\"image-container\"><img class=\"res-image\" src=\"https:\/\/media.aws.alkomprar.com\/ymarketingcolcomercio\/Alkosto\/informatica\/contenido\/ASUS\/4711081640240\/assets\/2.jpg\" \/><\/div>\n<div class=\"features-container\">\n<div class=\"feats-module row\"><\/div>\n<\/div>\n<\/div>\n<\/div>\n<\/div>\n<\/section>\n<section id=\"feature1\">\n<div class=\"main-container\">\n<div class=\"row\">\n<div class=\"section-container col-xs-12 col-sm-12 col-md-12 col-lg-12\">\n<div class=\"title-container\">\n<h2 class=\"title-feature\">Elegante y port\u00e1til<\/h2>\n<h1 class=\"subtitle-mail\">\u00a1Potencia tu din\u00e1mico estilo de vida!<\/h1>\n<p id=\"text-header\" class=\"text-specs\">El ASUS M515 es extremadamente port\u00e1til, es un computador liviano que se adapta a tu acelerado estilo de vida. Tambi\u00e9n se ve bien con sus acabados Transparent Silver, Slate Grey y Peacock Blue.<\/p>\n<\/div>\n<div class=\"image-container\"><img class=\"res-image\" src=\"https:\/\/media.aws.alkomprar.com\/ymarketingcolcomercio\/Alkosto\/informatica\/contenido\/ASUS\/4711081640240\/assets\/3.jpg\" \/><\/div>\n<div class=\"features-container\">\n<div class=\"feats-module row\"><\/div>\n<\/div>\n<\/div>\n<\/div>\n<\/div>\n<\/section>\n<section id=\"feature2\">\n<div class=\"main-container\">\n<div class=\"row\">\n<div class=\"section-container col-xs-12 col-sm-12 col-md-12 col-lg-12\">\n<div class=\"title-container\">\n<h2 class=\"title-feature\">Teclado<\/h2>\n<h1 class=\"subtitle-mail\">Exactamente tu tipo<\/h1>\n<p>El teclado de tama\u00f1o completo del ASUS M515 es perfecto para trabajar en cualquier entorno. Su dise\u00f1o ergon\u00f3mico, su construcci\u00f3n robusta en una sola pieza y su recorrido de tecla de 1.4 mm te brindan una c\u00f3moda experiencia de escritura.<\/p>\n<\/div>\n<div class=\"image-container\"><img class=\"res-image\" src=\"https:\/\/media.aws.alkomprar.com\/ymarketingcolcomercio\/Alkosto\/informatica\/contenido\/ASUS\/4711081640240\/assets\/4.jpg\" \/><\/div>\n<\/div>\n<\/div>\n<\/div>\n<\/section>\n<section id=\"feature4\">\n<div class=\"main-container\">\n<div class=\"row\">\n<div class=\"section-container col-xs-12 col-sm-12 col-md-12 col-lg-12\">\n<div class=\"title-container\">\n<h2 class=\"title-feature\">Conectividad<\/h2>\n<h1 class=\"subtitle-mail\">Constantemente conectado<\/h1>\n<p>El ASUS M515 est\u00e1 equipado con el puerto USB-C\u00ae 3.2 reversible, con un dise\u00f1o de acople en cualquier sentido que hace que la conexi\u00f3n de dispositivos sea lo m\u00e1s f\u00e1cil posible. Incluye adem\u00e1s, puertos USB 3.2 Type-A y USB 2.0, salida HDMI.<\/p>\n<\/div>\n<div class=\"image-container\"><img class=\"res-image\" src=\"https:\/\/media.aws.alkomprar.com\/ymarketingcolcomercio\/Alkosto\/informatica\/contenido\/ASUS\/4711081640240\/assets\/5.jpg\" \/><\/div>\n<\/div>\n<\/div>\n<\/div>\n<\/section>\n<section id=\"feature\">\n<div class=\"main-container\">\n<div class=\"row\">\n<div class=\"section-container col-xs-12 col-sm-12 col-md-12 col-lg-12\">\n<div class=\"title-container\">\n<h2 class=\"title-feature\">MyASUS<\/h2>\n<h1 class=\"subtitle-mail\">Obt\u00e9n lo mejor de tu PC con MyASUS<\/h1>\n<p>MyASUS es la manera m\u00e1s f\u00e1cil de acceder a las pr\u00e1cticas aplicaciones de ASUS que te ayudar\u00e1n a aprovechar al m\u00e1ximo tu computadora port\u00e1til o de escritorio. Puedes realizar m\u00faltiples tareas usando su tel\u00e9fono iOS o Android con tu PC, optimiza el rendimiento del PC o comun\u00edcate con el servicio y soporte postventa. \u00a1Tambi\u00e9n hay una gran variedad de aplicaciones populares para descargar y ofertas exclusivas solo para ti!<\/p>\n<\/div>\n<div class=\"image-container\"><img class=\"res-image\" src=\"https:\/\/media.aws.alkomprar.com\/ymarketingcolcomercio\/Alkosto\/informatica\/contenido\/ASUS\/4711081640240\/assets\/6.jpg\" \/><\/div>\n<\/div>\n<\/div>\n<\/div>\n<\/section>\n<section id=\"feature5\">\n<div class=\"main-container\">\n<div class=\"row\">\n<div class=\"col-lg-offset-1 col-lg-10 col-xs-offset-1 col-xs-10\">\n<p class=\"title-container\">1. El peso del producto puede variar seg\u00fan la configuraci\u00f3n del dispositivo.<\/p>\n<p class=\"title-container\">2. El teclado retroiluminado y el sensor de huella dactilar son opcionales.<\/p>\n<p class=\"title-container\">3. A no ser que se estipule lo contrario, USB-C\u00ae las cifras de transferencia de data est\u00e1n basadas en desempe\u00f1o te\u00f3rico. El desempe\u00f1o real puede variar en situaciones reales de uso.<\/p>\n<\/div>\n<\/div>\n<\/div>\n<\/section>\n","protected":false},"excerpt":{"rendered":"<ul>\n<li>AMD Ryzen 5 3500U<\/li>\n<li>8GB, 1x8GB, DDR4<\/li>\n<li>512 SSD<\/li>\n<li>15.6\u2033 FHD (1920\u00d71080).<\/li>\n<li>WLAN\/WWAN.<\/li>\n<li>Intel Integrated Graphics HD Camera<\/li>\n<li>Sistema Operativo Endless<\/li>\n<li>1 A\u00f1o de garant\u00eda.<b><img loading=\"lazy\" class=\"aligncenter wp-image-10280\" src=\"https:\/\/hekalsoluciones.com\/hekalsoluciones\/wp-content\/uploads\/2024\/06\/ENVIO-GRATIS.png\" alt=\"\" width=\"535\" height=\"209\" srcset=\"https:\/\/hekalsoluciones.com\/hekalsoluciones\/wp-content\/uploads\/2024\/06\/ENVIO-GRATIS.png 1280w, https:\/\/hekalsoluciones.com\/hekalsoluciones\/wp-content\/uploads\/2024\/06\/ENVIO-GRATIS-300x117.png 300w, https:\/\/hekalsoluciones.com\/hekalsoluciones\/wp-content\/uploads\/2024\/06\/ENVIO-GRATIS-1024x400.png 1024w, https:\/\/hekalsoluciones.com\/hekalsoluciones\/wp-content\/uploads\/2024\/06\/ENVIO-GRATIS-768x300.png 768w\" sizes=\"(max-width: 535px) 100vw, 535px\" \/><\/b><\/li>\n<\/ul>\n","protected":false},"featured_media":8812,"comment_status":"open","ping_status":"closed","template":"","meta":{"_monsterinsights_skip_tracking":false,"_monsterinsights_sitenote_active":false,"_monsterinsights_sitenote_note":"","_monsterinsights_sitenote_category":0},"aioseo_notices":[],"_links":{"self":[{"href":"https:\/\/hekalsoluciones.com\/hekalsoluciones\/wp-json\/wp\/v2\/product\/8811"}],"collection":[{"href":"https:\/\/hekalsoluciones.com\/hekalsoluciones\/wp-json\/wp\/v2\/product"}],"about":[{"href":"https:\/\/hekalsoluciones.com\/hekalsoluciones\/wp-json\/wp\/v2\/types\/product"}],"replies":[{"embeddable":true,"href":"https:\/\/hekalsoluciones.com\/hekalsoluciones\/wp-json\/wp\/v2\/comments?post=8811"}],"wp:featuredmedia":[{"embeddable":true,"href":"https:\/\/hekalsoluciones.com\/hekalsoluciones\/wp-json\/wp\/v2\/media\/8812"}],"wp:attachment":[{"href":"https:\/\/hekalsoluciones.com\/hekalsoluciones\/wp-json\/wp\/v2\/media?parent=8811"}],"curies":[{"name":"wp","href":"https:\/\/api.w.org\/{rel}","templated":true}]}}